Last updated on 2023-01-30 09:54:06 CET.
Flavor | Version | Tinstall | Tcheck | Ttotal | Status | Flags |
---|---|---|---|---|---|---|
r-devel-linux-x86_64-debian-clang | 2.1.0 | 92.17 | 88.45 | 180.62 | OK | |
r-devel-linux-x86_64-debian-gcc | 2.1.0 | 72.94 | 65.63 | 138.57 | NOTE | |
r-devel-linux-x86_64-fedora-clang | 2.1.0 | 241.39 | NOTE | |||
r-devel-linux-x86_64-fedora-gcc | 2.1.0 | 242.11 | NOTE | |||
r-devel-windows-x86_64 | 2.1.0 | 83.00 | 140.00 | 223.00 | NOTE | |
r-patched-linux-x86_64 | 2.1.0 | 76.65 | 82.09 | 158.74 | OK | |
r-release-linux-x86_64 | 2.1.0 | 74.85 | 84.22 | 159.07 | OK | |
r-release-macos-arm64 | 2.1.0 | 62.00 | NOTE | |||
r-release-macos-x86_64 | 2.1.0 | 82.00 | NOTE | |||
r-release-windows-x86_64 | 2.1.0 | 84.00 | 145.00 | 229.00 | OK | |
r-oldrel-macos-arm64 | 2.1.0 | 60.00 | NOTE | |||
r-oldrel-macos-x86_64 | 2.1.0 | 88.00 | NOTE | |||
r-oldrel-windows-ix86+x86_64 | 2.1.0 | 185.00 | 157.00 | 342.00 | OK |
Version: 2.1.0
Check: C++ specification
Result: NOTE
Specified C++11: please update to current default of C++17
Flavors: r-devel-linux-x86_64-debian-gcc, r-devel-linux-x86_64-fedora-clang, r-devel-linux-x86_64-fedora-gcc, r-devel-windows-x86_64
Version: 2.1.0
Check: installed package size
Result: NOTE
installed size is 10.8Mb
sub-directories of 1Mb or more:
libs 10.3Mb
Flavors: r-release-macos-arm64, r-release-macos-x86_64, r-oldrel-macos-arm64, r-oldrel-macos-x86_64