CRAN Package Check Results for Package car

Last updated on 2022-11-27 06:52:52 CET.

Flavor Version Tinstall Tcheck Ttotal Status Flags
r-devel-linux-x86_64-debian-clang 3.1-1 23.12 177.31 200.43 OK
r-devel-linux-x86_64-debian-gcc 3.1-1 17.37 132.42 149.79 OK
r-devel-linux-x86_64-fedora-clang 3.1-1 272.94 NOTE
r-devel-linux-x86_64-fedora-gcc 3.1-1 281.10 OK
r-devel-windows-x86_64 3.1-1 81.00 247.00 328.00 OK
r-patched-linux-x86_64 3.1-1 32.57 161.16 193.73 OK
r-release-linux-x86_64 3.1-1 17.16 158.40 175.56 OK
r-release-macos-arm64 3.1-1 59.00 OK
r-release-macos-x86_64 3.1-1 80.00 OK
r-release-windows-x86_64 3.1-1 78.00 233.00 311.00 OK
r-oldrel-macos-arm64 3.1-1 66.00 OK
r-oldrel-macos-x86_64 3.1-1 83.00 OK
r-oldrel-windows-ix86+x86_64 3.1-1 36.00 200.00 236.00 OK

Check Details

Version: 3.1-1
Check: Rd cross-references
Result: NOTE
    Undeclared package ‘plotrix’ in Rd xrefs
Flavor: r-devel-linux-x86_64-fedora-clang