CRAN Package Check Results for Package caper

Last updated on 2023-02-06 06:51:50 CET.

Flavor Version Tinstall Tcheck Ttotal Status Flags
r-devel-linux-x86_64-debian-clang 1.0.1 7.73 123.45 131.18 NOTE
r-devel-linux-x86_64-debian-gcc 1.0.1 6.34 89.00 95.34 NOTE
r-devel-linux-x86_64-fedora-clang 1.0.1 163.60 NOTE
r-devel-linux-x86_64-fedora-gcc 1.0.1 165.80 NOTE
r-devel-windows-x86_64 1.0.1 26.00 195.00 221.00 NOTE
r-patched-linux-x86_64 1.0.1 8.19 115.64 123.83 OK
r-release-linux-x86_64 1.0.1 6.51 112.81 119.32 OK
r-release-macos-arm64 1.0.1 52.00 OK
r-release-macos-x86_64 1.0.1 86.00 OK
r-release-windows-x86_64 1.0.1 26.00 203.00 229.00 OK
r-oldrel-macos-arm64 1.0.1 60.00 OK
r-oldrel-macos-x86_64 1.0.1 125.00 OK
r-oldrel-windows-ix86+x86_64 1.0.1 13.00 153.00 166.00 OK

Check Details

Version: 1.0.1
Check: Rd files
Result: NOTE
    checkRd: (-1) caic-class.Rd:14: Escaped LaTeX specials: \$ \$
    checkRd: (-1) caic-class.Rd:15: Escaped LaTeX specials: \$ \$
Flavors: r-devel-linux-x86_64-debian-clang, r-devel-linux-x86_64-debian-gcc, r-devel-linux-x86_64-fedora-clang, r-devel-linux-x86_64-fedora-gcc, r-devel-windows-x86_64