Last updated on 2023-01-31 07:54:06 CET.
Flavor | Version | Tinstall | Tcheck | Ttotal | Status | Flags |
---|---|---|---|---|---|---|
r-devel-linux-x86_64-debian-clang | 0.8-6 | 8.05 | 79.95 | 88.00 | OK | |
r-devel-linux-x86_64-debian-gcc | 0.8-6 | 5.97 | 55.54 | 61.51 | OK | |
r-devel-linux-x86_64-fedora-clang | 0.8-6 | 109.71 | NOTE | |||
r-devel-linux-x86_64-fedora-gcc | 0.8-6 | 112.89 | OK | |||
r-devel-windows-x86_64 | 0.8-6 | 22.00 | 109.00 | 131.00 | OK | |
r-patched-linux-x86_64 | 0.8-6 | 5.50 | 75.42 | 80.92 | OK | |
r-release-linux-x86_64 | 0.8-6 | 7.36 | 76.61 | 83.97 | OK | |
r-release-macos-arm64 | 0.8-6 | 25.00 | OK | |||
r-release-macos-x86_64 | 0.8-6 | 45.00 | OK | |||
r-release-windows-x86_64 | 0.8-6 | 33.00 | 123.00 | 156.00 | OK | |
r-oldrel-macos-arm64 | 0.8-6 | 39.00 | OK | |||
r-oldrel-macos-x86_64 | 0.8-6 | 46.00 | OK | |||
r-oldrel-windows-ix86+x86_64 | 0.8-6 | 19.00 | 103.00 | 122.00 | OK |
Version: 0.8-6
Check: Rd cross-references
Result: NOTE
Undeclared packages ‘yacca’, ‘CCA’ in Rd xrefs
Flavor: r-devel-linux-x86_64-fedora-clang