Last updated on 2023-02-03 06:50:11 CET.
Flavor | Version | Tinstall | Tcheck | Ttotal | Status | Flags |
---|---|---|---|---|---|---|
r-devel-linux-x86_64-debian-clang | 0.5.5 | 6.75 | 83.22 | 89.97 | OK | |
r-devel-linux-x86_64-debian-gcc | 0.5.5 | 5.45 | 61.78 | 67.23 | OK | |
r-devel-linux-x86_64-fedora-clang | 0.5.5 | 118.21 | NOTE | |||
r-devel-linux-x86_64-fedora-gcc | 0.5.5 | 132.77 | NOTE | |||
r-devel-windows-x86_64 | 0.5.5 | 43.00 | 143.00 | 186.00 | OK | |
r-patched-linux-x86_64 | 0.5.5 | 7.23 | 77.39 | 84.62 | OK | |
r-release-linux-x86_64 | 0.5.5 | 6.14 | 71.66 | 77.80 | OK | |
r-release-macos-arm64 | 0.5.5 | 50.00 | OK | |||
r-release-macos-x86_64 | 0.5.5 | 61.00 | OK | |||
r-release-windows-x86_64 | 0.5.5 | 49.00 | 146.00 | 195.00 | OK | |
r-oldrel-macos-arm64 | 0.5.5 | 55.00 | OK | |||
r-oldrel-macos-x86_64 | 0.5.5 | 70.00 | OK | |||
r-oldrel-windows-ix86+x86_64 | 0.5.5 | 17.00 | 118.00 | 135.00 | OK |
Version: 0.5.5
Check: data for non-ASCII characters
Result: NOTE
Note: found 23 marked UTF-8 strings
Flavors: r-devel-linux-x86_64-fedora-clang, r-devel-linux-x86_64-fedora-gcc