Last updated on 2023-01-29 07:55:58 CET.
Flavor | Version | Tinstall | Tcheck | Ttotal | Status | Flags |
---|---|---|---|---|---|---|
r-devel-linux-x86_64-debian-clang | 1.3.0 | 15.50 | 333.77 | 349.27 | NOTE | |
r-devel-linux-x86_64-debian-gcc | 1.3.0 | 14.26 | 233.12 | 247.38 | NOTE | |
r-devel-linux-x86_64-fedora-clang | 1.3.0 | 440.99 | NOTE | |||
r-devel-linux-x86_64-fedora-gcc | 1.3.0 | 384.79 | NOTE | |||
r-devel-windows-x86_64 | 1.3.0 | 200.00 | 515.00 | 715.00 | OK | |
r-patched-linux-x86_64 | 1.3.0 | 11.47 | 281.33 | 292.80 | NOTE | |
r-release-linux-x86_64 | 1.3.0 | 10.79 | 285.82 | 296.61 | NOTE | |
r-release-macos-arm64 | 1.3.0 | 111.00 | OK | |||
r-release-macos-x86_64 | 1.3.0 | 141.00 | OK | |||
r-release-windows-x86_64 | 1.3.0 | 144.00 | 445.00 | 589.00 | OK | |
r-oldrel-macos-arm64 | 1.3.0 | 111.00 | OK | |||
r-oldrel-macos-x86_64 | 1.3.0 | 139.00 | OK | |||
r-oldrel-windows-ix86+x86_64 | 1.3.0 | 38.00 | 378.00 | 416.00 | OK |
Version: 1.3.0
Check: package dependencies
Result: NOTE
Package suggested but not available for checking: ‘RxODE’
Flavors: r-devel-linux-x86_64-debian-clang, r-devel-linux-x86_64-debian-gcc, r-devel-linux-x86_64-fedora-clang, r-devel-linux-x86_64-fedora-gcc, r-patched-linux-x86_64, r-release-linux-x86_64