Last updated on 2023-02-07 07:53:55 CET.
Flavor | Version | Tinstall | Tcheck | Ttotal | Status | Flags |
---|---|---|---|---|---|---|
r-devel-linux-x86_64-debian-clang | 0.2.2 | 11.58 | 111.04 | 122.62 | OK | |
r-devel-linux-x86_64-debian-gcc | 0.2.2 | 10.03 | 80.78 | 90.81 | OK | |
r-devel-linux-x86_64-fedora-clang | 0.2.2 | 151.39 | NOTE | |||
r-devel-linux-x86_64-fedora-gcc | 0.2.2 | 142.18 | NOTE | |||
r-devel-windows-x86_64 | 0.2.2 | 27.00 | 132.00 | 159.00 | OK | |
r-patched-linux-x86_64 | 0.2.2 | 11.20 | 102.57 | 113.77 | OK | |
r-release-linux-x86_64 | 0.2.2 | 11.00 | 103.21 | 114.21 | OK | |
r-release-macos-arm64 | 0.2.2 | 45.00 | NOTE | |||
r-release-macos-x86_64 | 0.2.2 | 89.00 | NOTE | |||
r-release-windows-x86_64 | 0.2.2 | 23.00 | 139.00 | 162.00 | OK | |
r-oldrel-macos-arm64 | 0.2.2 | 48.00 | NOTE | |||
r-oldrel-macos-x86_64 | 0.2.2 | 66.00 | NOTE | |||
r-oldrel-windows-ix86+x86_64 | 0.2.2 | 28.00 | 135.00 | 163.00 | OK |
Version: 0.2.2
Check: dependencies in R code
Result: NOTE
Namespace in Imports field not imported from: ‘markdown’
All declared Imports should be used.
Flavors: r-devel-linux-x86_64-fedora-clang, r-devel-linux-x86_64-fedora-gcc, r-release-macos-arm64, r-release-macos-x86_64, r-oldrel-macos-arm64, r-oldrel-macos-x86_64