Last updated on 2023-01-31 07:54:06 CET.
Flavor | Version | Tinstall | Tcheck | Ttotal | Status | Flags |
---|---|---|---|---|---|---|
r-devel-linux-x86_64-debian-clang | 1.18.2 | 6.50 | 40.81 | 47.31 | OK | |
r-devel-linux-x86_64-debian-gcc | 1.18.2 | 4.87 | 31.39 | 36.26 | OK | |
r-devel-linux-x86_64-fedora-clang | 1.18.2 | 61.38 | NOTE | |||
r-devel-linux-x86_64-fedora-gcc | 1.18.2 | 57.79 | OK | |||
r-devel-windows-x86_64 | 1.18.2 | 43.00 | 75.00 | 118.00 | OK | |
r-patched-linux-x86_64 | 1.18.2 | 7.64 | 36.79 | 44.43 | OK | |
r-release-linux-x86_64 | 1.18.2 | 5.90 | 37.26 | 43.16 | OK | |
r-release-macos-arm64 | 1.18.2 | 25.00 | OK | |||
r-release-macos-x86_64 | 1.18.2 | 32.00 | OK | |||
r-release-windows-x86_64 | 1.18.2 | 189.00 | 77.00 | 266.00 | OK | |
r-oldrel-macos-arm64 | 1.18.2 | 34.00 | OK | |||
r-oldrel-macos-x86_64 | 1.18.2 | 48.00 | OK | |||
r-oldrel-windows-ix86+x86_64 | 1.18.2 | 17.00 | 88.00 | 105.00 | OK |
Version: 1.18.2
Check: Rd cross-references
Result: NOTE
Undeclared packages ‘pixmap’, ‘XML’, ‘exactRankTests’, ‘coin’, ‘ROCR’, ‘Epi’, ‘verification’, ‘Hmisc’, ‘gtools’, ‘magic’, ‘zoo’ in Rd xrefs
Flavor: r-devel-linux-x86_64-fedora-clang