Last updated on 2023-02-08 06:56:19 CET.
Flavor | Version | Tinstall | Tcheck | Ttotal | Status | Flags |
---|---|---|---|---|---|---|
r-devel-linux-x86_64-debian-clang | 1.3 | 4.51 | 164.98 | 169.49 | OK | |
r-devel-linux-x86_64-debian-gcc | 1.3 | 3.38 | 117.10 | 120.48 | OK | |
r-devel-linux-x86_64-fedora-clang | 1.3 | 213.90 | NOTE | |||
r-devel-linux-x86_64-fedora-gcc | 1.3 | 211.07 | OK | |||
r-devel-windows-x86_64 | 1.3 | 28.00 | 187.00 | 215.00 | NOTE | |
r-patched-linux-x86_64 | 1.3 | 5.27 | 158.37 | 163.64 | OK | |
r-release-linux-x86_64 | 1.3 | 4.70 | 148.00 | 152.70 | OK | |
r-release-macos-arm64 | 1.3 | 61.00 | NOTE | |||
r-release-macos-x86_64 | 1.3 | 83.00 | NOTE | |||
r-release-windows-x86_64 | 1.3 | 37.00 | 194.00 | 231.00 | NOTE | |
r-oldrel-macos-arm64 | 1.3 | 62.00 | NOTE | |||
r-oldrel-macos-x86_64 | 1.3 | 82.00 | NOTE | |||
r-oldrel-windows-ix86+x86_64 | 1.3 | 10.00 | 194.00 | 204.00 | NOTE |
Version: 1.3
Check: installed package size
Result: NOTE
installed size is 5.9Mb
sub-directories of 1Mb or more:
doc 5.7Mb
Flavors: r-devel-linux-x86_64-fedora-clang, r-devel-windows-x86_64, r-release-macos-arm64, r-release-macos-x86_64, r-release-windows-x86_64, r-oldrel-macos-arm64, r-oldrel-macos-x86_64, r-oldrel-windows-ix86+x86_64