CRAN Package Check Results for Package caRamel

Last updated on 2024-02-27 07:54:41 CET.

Flavor Version Tinstall Tcheck Ttotal Status Flags
r-devel-linux-x86_64-debian-clang 1.3 4.41 169.04 173.45 OK
r-devel-linux-x86_64-debian-gcc 1.3 3.17 118.94 122.11 OK
r-devel-linux-x86_64-fedora-clang 1.3 202.56 NOTE
r-devel-linux-x86_64-fedora-gcc 1.3 212.34 OK
r-devel-windows-x86_64 1.3 5.00 129.00 134.00 NOTE
r-patched-linux-x86_64 1.3 3.33 158.62 161.95 OK
r-release-linux-x86_64 1.3 3.18 160.33 163.51 OK
r-release-macos-arm64 1.3 64.00 NOTE
r-release-macos-x86_64 1.3 98.00 NOTE
r-release-windows-x86_64 1.3 9.00 147.00 156.00 NOTE
r-oldrel-macos-arm64 1.3 61.00 NOTE
r-oldrel-windows-x86_64 1.3 7.00 151.00 158.00 NOTE

Check Details

Version: 1.3
Check: installed package size
Result: NOTE installed size is 5.9Mb sub-directories of 1Mb or more: doc 5.7Mb Flavors: r-devel-linux-x86_64-fedora-clang, r-devel-windows-x86_64, r-release-macos-arm64, r-release-macos-x86_64, r-release-windows-x86_64, r-oldrel-macos-arm64, r-oldrel-windows-x86_64