Last updated on 2023-05-30 08:02:15 CEST.
Flavor | Version | Tinstall | Tcheck | Ttotal | Status | Flags |
---|---|---|---|---|---|---|
r-devel-linux-x86_64-debian-clang | 0.5.0 | 23.71 | 196.78 | 220.49 | OK | |
r-devel-linux-x86_64-debian-gcc | 0.5.0 | 16.87 | 145.20 | 162.07 | OK | |
r-devel-linux-x86_64-fedora-clang | 0.5.0 | 264.85 | NOTE | |||
r-devel-linux-x86_64-fedora-gcc | 0.5.0 | 277.35 | NOTE | |||
r-devel-windows-x86_64 | 0.5.0 | 19.00 | 164.00 | 183.00 | OK | |
r-patched-linux-x86_64 | 0.5.0 | 26.63 | 187.50 | 214.13 | OK | |
r-release-linux-x86_64 | 0.5.0 | 23.29 | 187.03 | 210.32 | OK | |
r-release-macos-arm64 | 0.5.0 | 78.00 | OK | |||
r-release-macos-x86_64 | 0.5.0 | 132.00 | OK | |||
r-release-windows-x86_64 | 0.5.0 | 25.00 | 211.00 | 236.00 | OK | |
r-oldrel-macos-arm64 | 0.5.0 | 78.00 | NOTE | |||
r-oldrel-macos-x86_64 | 0.5.0 | 83.00 | NOTE | |||
r-oldrel-windows-x86_64 | 0.5.0 | 24.00 | 180.00 | 204.00 | OK |
Version: 0.5.0
Check: package dependencies
Result: NOTE
Imports includes 21 non-default packages.
Importing from so many packages makes the package vulnerable to any of
them becoming unavailable. Move as many as possible to Suggests and
use conditionally.
Flavor: r-devel-linux-x86_64-fedora-clang
Version: 0.5.0
Check: dependencies in R code
Result: NOTE
Namespace in Imports field not imported from: ‘Rdpack’
All declared Imports should be used.
Flavors: r-devel-linux-x86_64-fedora-clang, r-devel-linux-x86_64-fedora-gcc, r-oldrel-macos-arm64, r-oldrel-macos-x86_64