Last updated on 2023-06-10 07:00:17 CEST.
Flavor | Version | Tinstall | Tcheck | Ttotal | Status | Flags |
---|---|---|---|---|---|---|
r-devel-linux-x86_64-debian-clang | 1.0 | 9.95 | 103.69 | 113.64 | NOTE | |
r-devel-linux-x86_64-debian-gcc | 1.0 | 9.75 | 81.30 | 91.05 | NOTE | |
r-devel-linux-x86_64-fedora-clang | 1.0 | 143.84 | NOTE | |||
r-devel-linux-x86_64-fedora-gcc | 1.0 | 140.31 | NOTE | |||
r-devel-windows-x86_64 | 1.0 | 12.00 | 94.00 | 106.00 | NOTE | |
r-patched-linux-x86_64 | 1.0 | 17.64 | 98.25 | 115.89 | NOTE | |
r-release-linux-x86_64 | 1.0 | 10.84 | 100.73 | 111.57 | NOTE | |
r-release-macos-arm64 | 1.0 | 47.00 | NOTE | |||
r-release-macos-x86_64 | 1.0 | 70.00 | NOTE | |||
r-release-windows-x86_64 | 1.0 | 15.00 | 114.00 | 129.00 | NOTE | |
r-oldrel-macos-arm64 | 1.0 | 44.00 | OK | |||
r-oldrel-macos-x86_64 | 1.0 | 71.00 | OK | |||
r-oldrel-windows-x86_64 | 1.0 | 16.00 | 117.00 | 133.00 | OK |
Version: 1.0
Check: Rd files
Result: NOTE
checkRd: (-1) deleteZeroComponents.Rd:70: Escaped LaTeX specials: \& \&
Flavors: r-devel-linux-x86_64-debian-clang, r-devel-linux-x86_64-debian-gcc, r-devel-linux-x86_64-fedora-clang, r-devel-linux-x86_64-fedora-gcc, r-devel-windows-x86_64, r-patched-linux-x86_64, r-release-linux-x86_64, r-release-macos-arm64, r-release-macos-x86_64, r-release-windows-x86_64