Last updated on 2023-02-07 07:53:55 CET.
Flavor | Version | Tinstall | Tcheck | Ttotal | Status | Flags |
---|---|---|---|---|---|---|
r-devel-linux-x86_64-debian-clang | 1.0 | 14.23 | 107.92 | 122.15 | NOTE | |
r-devel-linux-x86_64-debian-gcc | 1.0 | 8.89 | 80.93 | 89.82 | NOTE | |
r-devel-linux-x86_64-fedora-clang | 1.0 | 151.74 | NOTE | |||
r-devel-linux-x86_64-fedora-gcc | 1.0 | 145.20 | NOTE | |||
r-devel-windows-x86_64 | 1.0 | 27.00 | 137.00 | 164.00 | NOTE | |
r-patched-linux-x86_64 | 1.0 | 18.09 | 101.68 | 119.77 | OK | |
r-release-linux-x86_64 | 1.0 | 9.79 | 102.86 | 112.65 | OK | |
r-release-macos-arm64 | 1.0 | 44.00 | OK | |||
r-release-macos-x86_64 | 1.0 | 71.00 | OK | |||
r-release-windows-x86_64 | 1.0 | 30.00 | 144.00 | 174.00 | OK | |
r-oldrel-macos-arm64 | 1.0 | 44.00 | OK | |||
r-oldrel-macos-x86_64 | 1.0 | 58.00 | OK | |||
r-oldrel-windows-ix86+x86_64 | 1.0 | 26.00 | 127.00 | 153.00 | OK |
Version: 1.0
Check: Rd files
Result: NOTE
checkRd: (-1) deleteZeroComponents.Rd:70: Escaped LaTeX specials: \& \&
Flavors: r-devel-linux-x86_64-debian-clang, r-devel-linux-x86_64-debian-gcc, r-devel-linux-x86_64-fedora-clang, r-devel-linux-x86_64-fedora-gcc, r-devel-windows-x86_64