CRAN Package Check Results for Package c3

Last updated on 2023-10-04 07:02:59 CEST.

Flavor Version Tinstall Tcheck Ttotal Status Flags
r-devel-linux-x86_64-debian-clang 0.3.0 7.41 68.45 75.86 NOTE
r-devel-linux-x86_64-debian-gcc 0.3.0 5.56 49.89 55.45 NOTE
r-devel-linux-x86_64-fedora-clang 0.3.0 88.71 NOTE
r-devel-linux-x86_64-fedora-gcc 0.3.0 102.41 NOTE
r-devel-windows-x86_64 0.3.0 9.00 72.00 81.00 NOTE
r-patched-linux-x86_64 0.3.0 6.53 62.61 69.14 NOTE
r-release-linux-x86_64 0.3.0 7.81 63.11 70.92 NOTE
r-release-macos-arm64 0.3.0 34.00 NOTE
r-release-macos-x86_64 0.3.0 56.00 NOTE
r-release-windows-x86_64 0.3.0 10.00 84.00 94.00 NOTE
r-oldrel-macos-arm64 0.3.0 32.00 NOTE
r-oldrel-macos-x86_64 0.3.0 62.00 NOTE
r-oldrel-windows-x86_64 0.3.0 9.00 81.00 90.00 NOTE

Check Details

Version: 0.3.0
Check: LazyData
Result: NOTE
     'LazyData' is specified without a 'data' directory
Flavors: r-devel-linux-x86_64-debian-clang, r-devel-linux-x86_64-debian-gcc, r-devel-linux-x86_64-fedora-clang, r-devel-linux-x86_64-fedora-gcc, r-devel-windows-x86_64, r-patched-linux-x86_64, r-release-linux-x86_64, r-release-macos-arm64, r-release-macos-x86_64, r-release-windows-x86_64, r-oldrel-macos-arm64, r-oldrel-macos-x86_64, r-oldrel-windows-x86_64