Last updated on 2023-01-30 09:54:06 CET.
Flavor | Version | Tinstall | Tcheck | Ttotal | Status | Flags |
---|---|---|---|---|---|---|
r-devel-linux-x86_64-debian-clang | 0.3.0 | 7.21 | 70.02 | 77.23 | NOTE | |
r-devel-linux-x86_64-debian-gcc | 0.3.0 | 5.65 | 51.22 | 56.87 | NOTE | |
r-devel-linux-x86_64-fedora-clang | 0.3.0 | 95.18 | NOTE | |||
r-devel-linux-x86_64-fedora-gcc | 0.3.0 | 102.60 | NOTE | |||
r-devel-windows-x86_64 | 0.3.0 | 26.00 | 109.00 | 135.00 | NOTE | |
r-patched-linux-x86_64 | 0.3.0 | 6.96 | 66.01 | 72.97 | NOTE | |
r-release-linux-x86_64 | 0.3.0 | 6.74 | 66.09 | 72.83 | NOTE | |
r-release-macos-arm64 | 0.3.0 | 32.00 | NOTE | |||
r-release-macos-x86_64 | 0.3.0 | 62.00 | NOTE | |||
r-release-windows-x86_64 | 0.3.0 | 25.00 | 112.00 | 137.00 | NOTE | |
r-oldrel-macos-arm64 | 0.3.0 | 285.00 | NOTE | |||
r-oldrel-macos-x86_64 | 0.3.0 | 57.00 | NOTE | |||
r-oldrel-windows-ix86+x86_64 | 0.3.0 | 23.00 | 100.00 | 123.00 | NOTE |
Version: 0.3.0
Check: LazyData
Result: NOTE
'LazyData' is specified without a 'data' directory
Flavors: r-devel-linux-x86_64-debian-clang, r-devel-linux-x86_64-debian-gcc, r-devel-linux-x86_64-fedora-clang, r-devel-linux-x86_64-fedora-gcc, r-devel-windows-x86_64, r-patched-linux-x86_64, r-release-linux-x86_64, r-release-macos-arm64, r-release-macos-x86_64, r-release-windows-x86_64, r-oldrel-macos-arm64, r-oldrel-macos-x86_64, r-oldrel-windows-ix86+x86_64