CRAN Package Check Results for Package c2c

Last updated on 2023-01-30 09:54:06 CET.

Flavor Version Tinstall Tcheck Ttotal Status Flags
r-devel-linux-x86_64-debian-clang 0.1.0 2.33 24.99 27.32 NOTE
r-devel-linux-x86_64-debian-gcc 0.1.0 1.78 19.11 20.89 NOTE
r-devel-linux-x86_64-fedora-clang 0.1.0 35.41 NOTE
r-devel-linux-x86_64-fedora-gcc 0.1.0 44.61 NOTE
r-devel-windows-x86_64 0.1.0 14.00 57.00 71.00 NOTE
r-patched-linux-x86_64 0.1.0 2.41 23.85 26.26 NOTE
r-release-linux-x86_64 0.1.0 2.45 24.50 26.95 NOTE
r-release-macos-arm64 0.1.0 17.00 NOTE
r-release-macos-x86_64 0.1.0 23.00 NOTE
r-release-windows-x86_64 0.1.0 14.00 60.00 74.00 NOTE
r-oldrel-macos-arm64 0.1.0 24.00 NOTE
r-oldrel-macos-x86_64 0.1.0 27.00 NOTE
r-oldrel-windows-ix86+x86_64 0.1.0 6.00 49.00 55.00 NOTE

Check Details

Version: 0.1.0
Check: LazyData
Result: NOTE
     'LazyData' is specified without a 'data' directory
Flavors: r-devel-linux-x86_64-debian-clang, r-devel-linux-x86_64-debian-gcc, r-devel-linux-x86_64-fedora-clang, r-devel-linux-x86_64-fedora-gcc, r-devel-windows-x86_64, r-patched-linux-x86_64, r-release-linux-x86_64, r-release-macos-arm64, r-release-macos-x86_64, r-release-windows-x86_64, r-oldrel-macos-arm64, r-oldrel-macos-x86_64, r-oldrel-windows-ix86+x86_64