CRAN Package Check Results for Package c2c

Last updated on 2024-03-02 06:51:48 CET.

Flavor Version Tinstall Tcheck Ttotal Status Flags
r-devel-linux-x86_64-debian-clang 0.1.0 1.58 25.89 27.47 NOTE
r-devel-linux-x86_64-debian-gcc 0.1.0 1.75 19.84 21.59 NOTE
r-devel-linux-x86_64-fedora-clang 0.1.0 35.05 NOTE
r-devel-linux-x86_64-fedora-gcc 0.1.0 45.32 NOTE
r-devel-windows-x86_64 0.1.0 2.00 42.00 44.00 NOTE
r-patched-linux-x86_64 0.1.0 2.41 24.80 27.21 NOTE
r-release-linux-x86_64 0.1.0 2.19 25.09 27.28 NOTE
r-release-macos-arm64 0.1.0 21.00 NOTE
r-release-macos-x86_64 0.1.0 30.00 NOTE
r-release-windows-x86_64 0.1.0 3.00 44.00 47.00 NOTE
r-oldrel-macos-arm64 0.1.0 16.00 NOTE
r-oldrel-windows-x86_64 0.1.0 4.00 45.00 49.00 NOTE

Check Details

Version: 0.1.0
Check: LazyData
Result: NOTE 'LazyData' is specified without a 'data' directory Flavors: r-devel-linux-x86_64-debian-clang, r-devel-linux-x86_64-debian-gcc, r-devel-linux-x86_64-fedora-clang, r-devel-linux-x86_64-fedora-gcc, r-devel-windows-x86_64, r-patched-linux-x86_64, r-release-linux-x86_64, r-release-macos-arm64, r-release-macos-x86_64, r-release-windows-x86_64, r-oldrel-macos-arm64, r-oldrel-windows-x86_64