Last updated on 2023-02-06 06:51:50 CET.
Flavor | Version | Tinstall | Tcheck | Ttotal | Status | Flags |
---|---|---|---|---|---|---|
r-devel-linux-x86_64-debian-clang | 0.1.0 | 227.73 | 94.17 | 321.90 | NOTE | |
r-devel-linux-x86_64-debian-gcc | 0.1.0 | 220.67 | 81.41 | 302.08 | NOTE | |
r-devel-linux-x86_64-fedora-clang | 0.1.0 | 416.98 | NOTE | |||
r-devel-linux-x86_64-fedora-gcc | 0.1.0 | 482.34 | NOTE | |||
r-devel-windows-x86_64 | 0.1.0 | 515.00 | 168.00 | 683.00 | NOTE | |
r-patched-linux-x86_64 | 0.1.0 | 159.80 | 101.16 | 260.96 | NOTE | |
r-release-linux-x86_64 | 0.1.0 | 173.78 | 101.64 | 275.42 | NOTE | |
r-release-macos-arm64 | 0.1.0 | 118.00 | NOTE | |||
r-release-macos-x86_64 | 0.1.0 | 168.00 | NOTE | |||
r-release-windows-x86_64 | 0.1.0 | 178.00 | 181.00 | 359.00 | NOTE | |
r-oldrel-macos-arm64 | 0.1.0 | 95.00 | NOTE | |||
r-oldrel-macos-x86_64 | 0.1.0 | 162.00 | NOTE | |||
r-oldrel-windows-ix86+x86_64 | 0.1.0 | 528.00 | 203.00 | 731.00 | NOTE |
Version: 0.1.0
Check: C++ specification
Result: NOTE
Specified C++14: please update to current default of C++17
Flavors: r-devel-linux-x86_64-debian-clang, r-devel-linux-x86_64-debian-gcc, r-devel-linux-x86_64-fedora-clang, r-devel-linux-x86_64-fedora-gcc, r-devel-windows-x86_64
Version: 0.1.0
Check: for GNU extensions in Makefiles
Result: NOTE
GNU make is a SystemRequirements.
Flavors: r-devel-linux-x86_64-debian-clang, r-devel-linux-x86_64-debian-gcc, r-devel-linux-x86_64-fedora-clang, r-devel-linux-x86_64-fedora-gcc, r-devel-windows-x86_64, r-patched-linux-x86_64, r-release-linux-x86_64, r-release-macos-arm64, r-release-macos-x86_64, r-release-windows-x86_64, r-oldrel-macos-arm64, r-oldrel-macos-x86_64, r-oldrel-windows-ix86+x86_64
Version: 0.1.0
Check: dependencies in R code
Result: NOTE
Namespaces in Imports field not imported from:
‘RcppParallel’ ‘rstantools’
All declared Imports should be used.
Flavors: r-devel-linux-x86_64-fedora-clang, r-devel-linux-x86_64-fedora-gcc, r-release-macos-arm64, r-release-macos-x86_64, r-oldrel-macos-arm64, r-oldrel-macos-x86_64
Version: 0.1.0
Check: installed package size
Result: NOTE
installed size is 43.2Mb
sub-directories of 1Mb or more:
libs 42.9Mb
Flavors: r-release-macos-arm64, r-release-macos-x86_64, r-oldrel-macos-arm64, r-oldrel-macos-x86_64, r-oldrel-windows-ix86+x86_64