CRAN Package Check Results for Package busdater

Last updated on 2023-02-06 06:51:50 CET.

Flavor Version Tinstall Tcheck Ttotal Status Flags
r-devel-linux-x86_64-debian-clang 0.2.0 3.18 38.25 41.43 NOTE
r-devel-linux-x86_64-debian-gcc 0.2.0 2.24 30.09 32.33 NOTE
r-devel-linux-x86_64-fedora-clang 0.2.0 54.79 NOTE
r-devel-linux-x86_64-fedora-gcc 0.2.0 63.31 NOTE
r-devel-windows-x86_64 0.2.0 16.00 71.00 87.00 NOTE
r-patched-linux-x86_64 0.2.0 3.45 38.76 42.21 NOTE
r-release-linux-x86_64 0.2.0 3.24 37.57 40.81 NOTE
r-release-macos-arm64 0.2.0 19.00 NOTE
r-release-macos-x86_64 0.2.0 30.00 NOTE
r-release-windows-x86_64 0.2.0 25.00 73.00 98.00 NOTE
r-oldrel-macos-arm64 0.2.0 27.00 NOTE
r-oldrel-macos-x86_64 0.2.0 41.00 NOTE
r-oldrel-windows-ix86+x86_64 0.2.0 6.00 67.00 73.00 NOTE

Check Details

Version: 0.2.0
Check: LazyData
Result: NOTE
     'LazyData' is specified without a 'data' directory
Flavors: r-devel-linux-x86_64-debian-clang, r-devel-linux-x86_64-debian-gcc, r-devel-linux-x86_64-fedora-clang, r-devel-linux-x86_64-fedora-gcc, r-devel-windows-x86_64, r-patched-linux-x86_64, r-release-linux-x86_64, r-release-macos-arm64, r-release-macos-x86_64, r-release-windows-x86_64, r-oldrel-macos-arm64, r-oldrel-macos-x86_64, r-oldrel-windows-ix86+x86_64