Last updated on 2023-02-06 06:51:50 CET.
Flavor | Version | Tinstall | Tcheck | Ttotal | Status | Flags |
---|---|---|---|---|---|---|
r-devel-linux-x86_64-debian-clang | 1.2.0 | 2.87 | 567.91 | 570.78 | NOTE | |
r-devel-linux-x86_64-debian-gcc | 1.2.0 | 2.16 | 413.03 | 415.19 | NOTE | |
r-devel-linux-x86_64-fedora-clang | 1.2.0 | 684.13 | NOTE | |||
r-devel-linux-x86_64-fedora-gcc | 1.2.0 | 673.37 | NOTE | |||
r-devel-windows-x86_64 | 1.2.0 | 15.00 | 378.00 | 393.00 | NOTE | --no-vignettes |
r-patched-linux-x86_64 | 1.2.0 | 3.43 | 551.29 | 554.72 | NOTE | |
r-release-linux-x86_64 | 1.2.0 | 2.97 | 533.39 | 536.36 | NOTE | |
r-release-macos-arm64 | 1.2.0 | 194.00 | NOTE | |||
r-release-macos-x86_64 | 1.2.0 | 305.00 | NOTE | |||
r-release-windows-x86_64 | 1.2.0 | 20.00 | 381.00 | 401.00 | NOTE | --no-vignettes |
r-oldrel-macos-arm64 | 1.2.0 | 233.00 | NOTE | |||
r-oldrel-macos-x86_64 | 1.2.0 | 312.00 | NOTE | |||
r-oldrel-windows-ix86+x86_64 | 1.2.0 | 8.00 | 449.00 | 457.00 | NOTE | --no-vignettes |
Version: 1.2.0
Check: Rd files
Result: NOTE
checkRd: (-1) kink_estimator.Rd:60: Escaped LaTeX specials: \$
Flavors: r-devel-linux-x86_64-debian-clang, r-devel-linux-x86_64-debian-gcc, r-devel-linux-x86_64-fedora-clang, r-devel-linux-x86_64-fedora-gcc
Version: 1.2.0
Check: LazyData
Result: NOTE
'LazyData' is specified without a 'data' directory
Flavors: r-devel-linux-x86_64-debian-clang, r-devel-linux-x86_64-debian-gcc, r-devel-linux-x86_64-fedora-clang, r-devel-linux-x86_64-fedora-gcc, r-patched-linux-x86_64, r-release-linux-x86_64, r-release-macos-arm64, r-release-macos-x86_64, r-oldrel-macos-arm64, r-oldrel-macos-x86_64
Version: 1.2.0
Flags: --no-vignettes
Check: Rd files
Result: NOTE
checkRd: (-1) kink_estimator.Rd:60: Escaped LaTeX specials: \$
Flavor: r-devel-windows-x86_64
Version: 1.2.0
Flags: --no-vignettes
Check: LazyData
Result: NOTE
'LazyData' is specified without a 'data' directory
Flavors: r-devel-windows-x86_64, r-release-windows-x86_64, r-oldrel-windows-ix86+x86_64