Last updated on 2023-05-31 07:57:26 CEST.
Flavor | Version | Tinstall | Tcheck | Ttotal | Status | Flags |
---|---|---|---|---|---|---|
r-devel-linux-x86_64-debian-clang | 2.9 | 15.02 | 189.30 | 204.32 | OK | |
r-devel-linux-x86_64-debian-gcc | 2.9 | 12.73 | 153.06 | 165.79 | OK | |
r-devel-linux-x86_64-fedora-clang | 2.9 | 257.51 | OK | |||
r-devel-linux-x86_64-fedora-gcc | 2.9 | 281.80 | OK | |||
r-devel-windows-x86_64 | 2.9 | 13.00 | 160.00 | 173.00 | OK | |
r-patched-linux-x86_64 | 2.9 | 12.34 | 190.65 | 202.99 | OK | |
r-release-linux-x86_64 | 2.9 | 10.97 | 192.42 | 203.39 | OK | |
r-release-macos-arm64 | 2.9 | 91.00 | OK | |||
r-release-macos-x86_64 | 2.8 | 135.00 | NOTE | |||
r-release-windows-x86_64 | 2.9 | 17.00 | 202.00 | 219.00 | OK | |
r-oldrel-macos-arm64 | 2.9 | 92.00 | OK | |||
r-oldrel-macos-x86_64 | 2.9 | 100.00 | OK | |||
r-oldrel-windows-x86_64 | 2.9 | 18.00 | 202.00 | 220.00 | OK |
Version: 2.8
Check: package dependencies
Result: NOTE
Packages suggested but not available for checking:
'gamm4', 'glmertree', 'glmmTMB', 'ordinal', 'partykit'
Flavor: r-release-macos-x86_64