Last updated on 2023-02-08 06:56:19 CET.
Flavor | Version | Tinstall | Tcheck | Ttotal | Status | Flags |
---|---|---|---|---|---|---|
r-devel-linux-x86_64-debian-clang | 0.2.9.4 | 9.25 | 170.02 | 179.27 | NOTE | |
r-devel-linux-x86_64-debian-gcc | 0.2.9.4 | 8.10 | 118.72 | 126.82 | NOTE | |
r-devel-linux-x86_64-fedora-clang | 0.2.9.4 | 223.51 | NOTE | |||
r-devel-linux-x86_64-fedora-gcc | 0.2.9.4 | 215.12 | NOTE | |||
r-devel-windows-x86_64 | 0.2.9.4 | 63.00 | 199.00 | 262.00 | NOTE | |
r-patched-linux-x86_64 | 0.2.9.4 | 6.29 | 158.88 | 165.17 | NOTE | |
r-release-linux-x86_64 | 0.2.9.4 | 5.94 | 159.00 | 164.94 | NOTE | |
r-release-macos-arm64 | 0.2.9.4 | 65.00 | NOTE | |||
r-release-macos-x86_64 | 0.2.9.4 | 96.00 | NOTE | |||
r-release-windows-x86_64 | 0.2.9.4 | 65.00 | 210.00 | 275.00 | NOTE | |
r-oldrel-macos-arm64 | 0.2.9.4 | 48.00 | NOTE | |||
r-oldrel-macos-x86_64 | 0.2.9.4 | 86.00 | NOTE | |||
r-oldrel-windows-ix86+x86_64 | 0.2.9.4 | 22.00 | 195.00 | 217.00 | NOTE |
Version: 0.2.9.4
Check: package dependencies
Result: NOTE
Package suggested but not available for checking: ‘glmmADMB’
Flavors: r-devel-linux-x86_64-debian-clang, r-devel-linux-x86_64-debian-gcc, r-devel-linux-x86_64-fedora-clang, r-devel-linux-x86_64-fedora-gcc, r-devel-windows-x86_64, r-patched-linux-x86_64, r-release-linux-x86_64, r-release-macos-arm64, r-release-macos-x86_64, r-release-windows-x86_64, r-oldrel-macos-arm64, r-oldrel-macos-x86_64, r-oldrel-windows-ix86+x86_64