CRAN Package Check Results for Package brmsmargins

Last updated on 2022-09-25 06:54:05 CEST.

Flavor Version Tinstall Tcheck Ttotal Status Flags
r-devel-linux-x86_64-debian-clang 0.2.0 101.14 215.50 316.64 OK
r-devel-linux-x86_64-debian-gcc 0.2.0 71.54 159.70 231.24 OK
r-devel-linux-x86_64-fedora-clang 0.2.0 438.00 OK
r-devel-linux-x86_64-fedora-gcc 0.2.0 408.30 OK
r-devel-windows-x86_64 0.2.0 120.00 258.00 378.00 OK
r-patched-linux-x86_64 0.2.0 84.31 200.84 285.15 OK
r-release-linux-x86_64 0.2.0 69.90 202.16 272.06 OK
r-release-macos-arm64 0.2.0 109.00 NOTE
r-release-macos-x86_64 0.2.0 134.00 NOTE
r-release-windows-x86_64 0.2.0 123.00 250.00 373.00 OK
r-oldrel-macos-arm64 0.2.0 94.00 NOTE
r-oldrel-macos-x86_64 0.2.0 136.00 NOTE
r-oldrel-windows-ix86+x86_64 0.2.0 239.00 327.00 566.00 WARN

Check Details

Version: 0.2.0
Check: installed package size
Result: NOTE
     installed size is 5.4Mb
     sub-directories of 1Mb or more:
     doc 2.7Mb
     libs 2.5Mb
Flavors: r-release-macos-arm64, r-release-macos-x86_64, r-oldrel-macos-arm64, r-oldrel-macos-x86_64, r-oldrel-windows-ix86+x86_64

Version: 0.2.0
Check: for unstated dependencies in ‘tests’
Result: WARN
    Warning: unable to access index for repository https://bioconductor.org/packages/3.14/bioc/src/contrib:
     cannot open URL 'https://bioconductor.org/packages/3.14/bioc/src/contrib/PACKAGES'
    Warning: unable to access index for repository https://bioconductor.org/packages/3.14/data/annotation/src/contrib:
     cannot open URL 'https://bioconductor.org/packages/3.14/data/annotation/src/contrib/PACKAGES'
    Warning: unable to access index for repository https://bioconductor.org/packages/3.14/data/experiment/src/contrib:
     cannot open URL 'https://bioconductor.org/packages/3.14/data/experiment/src/contrib/PACKAGES'
Flavor: r-oldrel-windows-ix86+x86_64