Last updated on 2023-01-27 07:50:28 CET.
Flavor | Version | Tinstall | Tcheck | Ttotal | Status | Flags |
---|---|---|---|---|---|---|
r-devel-linux-x86_64-debian-clang | 0.1.7 | 3.35 | 28.93 | 32.28 | OK | |
r-devel-linux-x86_64-debian-gcc | 0.1.7 | 2.49 | 21.99 | 24.48 | OK | |
r-devel-linux-x86_64-fedora-clang | 0.1.7 | 41.25 | NOTE | |||
r-devel-linux-x86_64-fedora-gcc | 0.1.7 | 39.43 | NOTE | |||
r-devel-windows-x86_64 | 0.1.7 | 13.00 | 54.00 | 67.00 | OK | |
r-patched-linux-x86_64 | 0.1.7 | 3.56 | 27.45 | 31.01 | OK | |
r-release-linux-x86_64 | 0.1.7 | 3.07 | 27.83 | 30.90 | OK | |
r-release-macos-arm64 | 0.1.7 | 16.00 | NOTE | |||
r-release-macos-x86_64 | 0.1.7 | 23.00 | NOTE | |||
r-release-windows-x86_64 | 0.1.7 | 9.00 | 56.00 | 65.00 | OK | |
r-oldrel-macos-arm64 | 0.1.7 | 20.00 | NOTE | |||
r-oldrel-macos-x86_64 | 0.1.7 | 32.00 | NOTE | |||
r-oldrel-windows-ix86+x86_64 | 0.1.7 | 7.00 | 50.00 | 57.00 | OK |
Version: 0.1.7
Check: dependencies in R code
Result: NOTE
Namespaces in Imports field not imported from:
‘Rcpp’ ‘profileModel’
All declared Imports should be used.
Flavors: r-devel-linux-x86_64-fedora-clang, r-devel-linux-x86_64-fedora-gcc, r-release-macos-arm64, r-release-macos-x86_64, r-oldrel-macos-arm64, r-oldrel-macos-x86_64