Last updated on 2023-02-04 08:01:07 CET.
Flavor | Version | Tinstall | Tcheck | Ttotal | Status | Flags |
---|---|---|---|---|---|---|
r-devel-linux-x86_64-debian-clang | 1.1-2 | 14.91 | 269.14 | 284.05 | OK | |
r-devel-linux-x86_64-debian-gcc | 1.1-2 | 10.46 | 203.06 | 213.52 | OK | |
r-devel-linux-x86_64-fedora-clang | 1.1-2 | 333.25 | OK | |||
r-devel-linux-x86_64-fedora-gcc | 1.1-2 | 351.90 | OK | |||
r-devel-windows-x86_64 | 1.1-2 | 80.00 | 227.00 | 307.00 | OK | |
r-patched-linux-x86_64 | 1.1-2 | 13.00 | 255.28 | 268.28 | OK | |
r-release-linux-x86_64 | 1.1-2 | 13.69 | 241.86 | 255.55 | OK | |
r-release-macos-arm64 | 1.1-2 | 77.00 | OK | |||
r-release-macos-x86_64 | 1.1-2 | 111.00 | NOTE | |||
r-release-windows-x86_64 | 1.1-2 | 55.00 | 239.00 | 294.00 | OK | |
r-oldrel-macos-arm64 | 1.1-2 | 81.00 | OK | |||
r-oldrel-macos-x86_64 | 1.1-2 | 167.00 | OK | |||
r-oldrel-windows-ix86+x86_64 | 1.1-2 | 25.00 | 245.00 | 270.00 | OK |
Version: 1.1-2
Check: package dependencies
Result: NOTE
Packages suggested but not available for checking:
'R2jags', 'rjags', 'runjags'
Flavor: r-release-macos-x86_64