Last updated on 2023-10-02 07:56:21 CEST.
Flavor | Version | Tinstall | Tcheck | Ttotal | Status | Flags |
---|---|---|---|---|---|---|
r-devel-linux-x86_64-debian-clang | 0.9 | 12.52 | 131.77 | 144.29 | OK | |
r-devel-linux-x86_64-debian-gcc | 0.9 | 11.91 | 100.39 | 112.30 | OK | |
r-devel-linux-x86_64-fedora-clang | 0.9 | 173.39 | NOTE | |||
r-devel-linux-x86_64-fedora-gcc | 0.9 | 183.00 | OK | |||
r-devel-windows-x86_64 | 0.9 | 15.00 | 118.00 | 133.00 | OK | |
r-patched-linux-x86_64 | 0.9 | 13.52 | 127.65 | 141.17 | OK | |
r-release-linux-x86_64 | 0.9 | 14.93 | 129.28 | 144.21 | OK | |
r-release-macos-arm64 | 0.9 | 65.00 | OK | |||
r-release-macos-x86_64 | 0.9 | 114.00 | OK | |||
r-release-windows-x86_64 | 0.9 | 18.00 | 138.00 | 156.00 | OK | |
r-oldrel-macos-arm64 | 0.9 | 56.00 | OK | |||
r-oldrel-macos-x86_64 | 0.9 | 67.00 | OK | |||
r-oldrel-windows-x86_64 | 0.9 | 19.00 | 134.00 | 153.00 | OK |
Version: 0.9
Check: Rd cross-references
Result: NOTE
Undeclared package ‘brglm’ in Rd xrefs
Flavor: r-devel-linux-x86_64-fedora-clang