CRAN Package Check Results for Package brandwatchR

Last updated on 2023-01-30 09:54:06 CET.

Flavor Version Tinstall Tcheck Ttotal Status Flags
r-devel-linux-x86_64-debian-clang 0.3.0 3.37 28.00 31.37 NOTE
r-devel-linux-x86_64-debian-gcc 0.3.0 2.02 22.26 24.28 NOTE
r-devel-linux-x86_64-fedora-clang 0.3.0 40.64 NOTE
r-devel-linux-x86_64-fedora-gcc 0.3.0 38.18 NOTE
r-devel-windows-x86_64 0.3.0 38.00 62.00 100.00 NOTE
r-patched-linux-x86_64 0.3.0 3.75 27.95 31.70 NOTE
r-release-linux-x86_64 0.3.0 3.04 27.19 30.23 NOTE
r-release-macos-arm64 0.3.0 17.00 NOTE
r-release-macos-x86_64 0.3.0 22.00 NOTE
r-release-windows-x86_64 0.3.0 28.00 65.00 93.00 NOTE
r-oldrel-macos-arm64 0.3.0 21.00 NOTE
r-oldrel-macos-x86_64 0.3.0 29.00 NOTE
r-oldrel-windows-ix86+x86_64 0.3.0 6.00 55.00 61.00 NOTE

Check Details

Version: 0.3.0
Check: LazyData
Result: NOTE
     'LazyData' is specified without a 'data' directory
Flavors: r-devel-linux-x86_64-debian-clang, r-devel-linux-x86_64-debian-gcc, r-devel-linux-x86_64-fedora-clang, r-devel-linux-x86_64-fedora-gcc, r-devel-windows-x86_64, r-patched-linux-x86_64, r-release-linux-x86_64, r-release-macos-arm64, r-release-macos-x86_64, r-release-windows-x86_64, r-oldrel-macos-arm64, r-oldrel-macos-x86_64, r-oldrel-windows-ix86+x86_64