Last updated on 2023-02-07 07:53:54 CET.
Flavor | Version | Tinstall | Tcheck | Ttotal | Status | Flags |
---|---|---|---|---|---|---|
r-devel-linux-x86_64-debian-clang | 0.1.0 | 11.25 | 72.26 | 83.51 | OK | |
r-devel-linux-x86_64-debian-gcc | 0.1.0 | 9.17 | 56.48 | 65.65 | OK | |
r-devel-linux-x86_64-fedora-clang | 0.1.0 | 111.90 | NOTE | |||
r-devel-linux-x86_64-fedora-gcc | 0.1.0 | 114.14 | NOTE | |||
r-devel-windows-x86_64 | 0.1.0 | 25.00 | 112.00 | 137.00 | OK | |
r-patched-linux-x86_64 | 0.1.0 | 7.07 | 71.49 | 78.56 | OK | |
r-release-linux-x86_64 | 0.1.0 | 9.86 | 71.32 | 81.18 | OK | |
r-release-macos-arm64 | 0.1.0 | 48.00 | NOTE | |||
r-release-macos-x86_64 | 0.1.0 | 73.00 | NOTE | |||
r-release-windows-x86_64 | 0.1.0 | 20.00 | 121.00 | 141.00 | OK | |
r-oldrel-macos-arm64 | 0.1.0 | 58.00 | NOTE | |||
r-oldrel-macos-x86_64 | 0.1.0 | 79.00 | NOTE | |||
r-oldrel-windows-ix86+x86_64 | 0.1.0 | 24.00 | 111.00 | 135.00 | OK |
Version: 0.1.0
Check: dependencies in R code
Result: NOTE
Namespaces in Imports field not imported from:
‘CCA’ ‘brainR’ ‘elasticnet’
All declared Imports should be used.
Flavors: r-devel-linux-x86_64-fedora-clang, r-devel-linux-x86_64-fedora-gcc, r-release-macos-arm64, r-release-macos-x86_64, r-oldrel-macos-arm64, r-oldrel-macos-x86_64