Last updated on 2023-09-21 07:54:48 CEST.
Flavor | Version | Tinstall | Tcheck | Ttotal | Status | Flags |
---|---|---|---|---|---|---|
r-devel-linux-x86_64-debian-clang | 3.0.0 | 30.98 | 166.56 | 197.54 | NOTE | |
r-devel-linux-x86_64-debian-gcc | 3.0.0 | 25.25 | 118.78 | 144.03 | NOTE | |
r-devel-linux-x86_64-fedora-clang | 3.0.0 | 237.94 | NOTE | |||
r-devel-linux-x86_64-fedora-gcc | 3.0.0 | 233.73 | NOTE | |||
r-devel-windows-x86_64 | 3.0.0 | 27.00 | 136.00 | 163.00 | NOTE | |
r-patched-linux-x86_64 | 3.0.0 | 33.32 | 160.75 | 194.07 | NOTE | |
r-release-linux-x86_64 | 3.0.0 | 28.29 | 159.37 | 187.66 | NOTE | |
r-release-macos-arm64 | 3.0.0 | 73.00 | NOTE | |||
r-release-macos-x86_64 | 3.0.0 | 114.00 | NOTE | |||
r-release-windows-x86_64 | 3.0.0 | 34.00 | 164.00 | 198.00 | NOTE | |
r-oldrel-macos-arm64 | 3.0.0 | 59.00 | NOTE | |||
r-oldrel-macos-x86_64 | 3.0.0 | 78.00 | NOTE | |||
r-oldrel-windows-x86_64 | 3.0.0 | 34.00 | 155.00 | 189.00 | NOTE |
Version: 3.0.0
Check: package dependencies
Result: NOTE
Packages suggested but not available for checking: 'RGtk2', 'cairoDevice'
Flavors: r-devel-linux-x86_64-debian-clang, r-devel-linux-x86_64-debian-gcc, r-devel-linux-x86_64-fedora-clang, r-devel-linux-x86_64-fedora-gcc, r-devel-windows-x86_64, r-patched-linux-x86_64, r-release-linux-x86_64, r-release-macos-arm64, r-release-windows-x86_64, r-oldrel-macos-arm64, r-oldrel-macos-x86_64, r-oldrel-windows-x86_64
Version: 3.0.0
Check: Rd \usage sections
Result: NOTE
Documented arguments not in \usage in documentation object 'Utility functions':
‘max.len’
Functions with \usage entries need to have the appropriate \alias
entries, and all their arguments documented.
The \usage entries must correspond to syntactically valid R code.
See chapter ‘Writing R documentation files’ in the ‘Writing R
Extensions’ manual.
Flavors: r-devel-linux-x86_64-debian-clang, r-devel-linux-x86_64-debian-gcc, r-devel-linux-x86_64-fedora-clang, r-devel-linux-x86_64-fedora-gcc, r-devel-windows-x86_64
Version: 3.0.0
Check: package dependencies
Result: NOTE
Packages suggested but not available for checking:
'RGtk2', 'cairoDevice', 'car', 'mediation'
Flavor: r-release-macos-x86_64
Version: 3.0.0
Check: Rd cross-references
Result: NOTE
Packages unavailable to check Rd xrefs: ‘car’, ‘mediation’
Flavor: r-release-macos-x86_64