Last updated on 2023-01-31 07:54:05 CET.
Flavor | Version | Tinstall | Tcheck | Ttotal | Status | Flags |
---|---|---|---|---|---|---|
r-devel-linux-x86_64-debian-clang | 1.4.0 | 9.08 | 198.63 | 207.71 | OK | |
r-devel-linux-x86_64-debian-gcc | 1.4.0 | 7.27 | 129.70 | 136.97 | OK | |
r-devel-linux-x86_64-fedora-clang | 1.4.0 | 241.79 | NOTE | |||
r-devel-linux-x86_64-fedora-gcc | 1.4.0 | 245.82 | NOTE | |||
r-devel-windows-x86_64 | 1.4.0 | 26.00 | 202.00 | 228.00 | OK | |
r-patched-linux-x86_64 | 1.4.0 | 10.26 | 187.73 | 197.99 | OK | |
r-release-linux-x86_64 | 1.4.0 | 7.01 | 187.61 | 194.62 | OK | |
r-release-macos-arm64 | 1.4.0 | 55.00 | NOTE | |||
r-release-macos-x86_64 | 1.4.0 | 74.00 | NOTE | |||
r-release-windows-x86_64 | 1.4.0 | 26.00 | 217.00 | 243.00 | OK | |
r-oldrel-macos-arm64 | 1.4.0 | 57.00 | NOTE | |||
r-oldrel-macos-x86_64 | 1.4.0 | 73.00 | NOTE | |||
r-oldrel-windows-ix86+x86_64 | 1.4.0 | 20.00 | 231.00 | 251.00 | OK |
Version: 1.4.0
Check: dependencies in R code
Result: NOTE
Namespace in Imports field not imported from: ‘graphics’
All declared Imports should be used.
Flavors: r-devel-linux-x86_64-fedora-clang, r-devel-linux-x86_64-fedora-gcc, r-release-macos-arm64, r-release-macos-x86_64, r-oldrel-macos-arm64, r-oldrel-macos-x86_64