Last updated on 2023-02-03 06:50:11 CET.
Flavor | Version | Tinstall | Tcheck | Ttotal | Status | Flags |
---|---|---|---|---|---|---|
r-devel-linux-x86_64-debian-clang | 1.0.6 | 149.36 | 42.22 | 191.58 | NOTE | |
r-devel-linux-x86_64-debian-gcc | 1.0.6 | 110.32 | 32.26 | 142.58 | NOTE | |
r-devel-linux-x86_64-fedora-clang | 1.0.6 | 281.94 | NOTE | |||
r-devel-linux-x86_64-fedora-gcc | 1.0.6 | 260.28 | NOTE | |||
r-patched-linux-x86_64 | 1.0.6 | 120.49 | 41.56 | 162.05 | OK | |
r-release-linux-x86_64 | 1.0.6 | 130.05 | 41.54 | 171.59 | OK | |
r-release-macos-arm64 | 1.0.6 | 72.00 | NOTE | |||
r-release-macos-x86_64 | 1.0.6 | 80.00 | OK | |||
r-release-windows-x86_64 | 1.0.6 | 184.00 | 102.00 | 286.00 | OK | |
r-oldrel-macos-arm64 | 1.0.6 | 72.00 | NOTE | |||
r-oldrel-macos-x86_64 | 1.0.6 | 84.00 | OK | |||
r-oldrel-windows-ix86+x86_64 | 1.0.6 | 353.00 | 117.00 | 470.00 | OK |
Version: 1.0.6
Check: C++ specification
Result: NOTE
Specified C++11: please update to current default of C++17
Flavors: r-devel-linux-x86_64-debian-clang, r-devel-linux-x86_64-debian-gcc, r-devel-linux-x86_64-fedora-clang, r-devel-linux-x86_64-fedora-gcc
Version: 1.0.6
Check: installed package size
Result: NOTE
installed size is 5.0Mb
sub-directories of 1Mb or more:
libs 4.9Mb
Flavors: r-release-macos-arm64, r-oldrel-macos-arm64