CRAN Package Check Results for Package bpnreg

Last updated on 2023-02-07 07:53:54 CET.

Flavor Version Tinstall Tcheck Ttotal Status Flags
r-devel-linux-x86_64-debian-clang 2.0.2 86.28 80.09 166.37 NOTE
r-devel-linux-x86_64-debian-gcc 2.0.2 65.70 59.09 124.79 NOTE
r-devel-linux-x86_64-fedora-clang 2.0.2 236.19 NOTE
r-devel-linux-x86_64-fedora-gcc 2.0.2 224.36 NOTE
r-devel-windows-x86_64 2.0.2 139.00 141.00 280.00 NOTE
r-patched-linux-x86_64 2.0.2 54.63 67.88 122.51 OK
r-release-linux-x86_64 2.0.2 59.10 70.21 129.31 OK
r-release-macos-arm64 2.0.2 53.00 NOTE
r-release-macos-x86_64 2.0.2 93.00 NOTE
r-release-windows-x86_64 2.0.2 94.00 135.00 229.00 OK
r-oldrel-macos-arm64 2.0.2 58.00 NOTE
r-oldrel-macos-x86_64 2.0.2 74.00 NOTE
r-oldrel-windows-ix86+x86_64 2.0.2 209.00 138.00 347.00 OK

Check Details

Version: 2.0.2
Check: C++ specification
Result: NOTE
     Specified C++11: please update to current default of C++17
Flavors: r-devel-linux-x86_64-debian-clang, r-devel-linux-x86_64-debian-gcc, r-devel-linux-x86_64-fedora-clang, r-devel-linux-x86_64-fedora-gcc, r-devel-windows-x86_64

Version: 2.0.2
Check: installed package size
Result: NOTE
     installed size is 5.1Mb
     sub-directories of 1Mb or more:
     libs 4.7Mb
Flavors: r-release-macos-arm64, r-release-macos-x86_64, r-oldrel-macos-arm64, r-oldrel-macos-x86_64