Last updated on 2023-02-07 07:53:54 CET.
Flavor | Version | Tinstall | Tcheck | Ttotal | Status | Flags |
---|---|---|---|---|---|---|
r-devel-linux-x86_64-debian-clang | 1.0.9 | 117.72 | 79.69 | 197.41 | NOTE | |
r-devel-linux-x86_64-debian-gcc | 1.0.9 | 95.19 | 59.29 | 154.48 | NOTE | |
r-devel-linux-x86_64-fedora-clang | 1.0.9 | 281.39 | NOTE | |||
r-devel-linux-x86_64-fedora-gcc | 1.0.9 | 245.40 | NOTE | |||
r-devel-windows-x86_64 | 1.0.9 | 143.00 | 141.00 | 284.00 | NOTE | |
r-patched-linux-x86_64 | 1.0.9 | 68.70 | 73.95 | 142.65 | OK | |
r-release-linux-x86_64 | 1.0.9 | 74.55 | 74.39 | 148.94 | OK | |
r-release-macos-arm64 | 1.0.9 | 61.00 | NOTE | |||
r-release-macos-x86_64 | 1.0.9 | 85.00 | NOTE | |||
r-release-windows-x86_64 | 1.0.9 | 97.00 | 142.00 | 239.00 | OK | |
r-oldrel-macos-arm64 | 1.0.9 | 56.00 | NOTE | |||
r-oldrel-macos-x86_64 | 1.0.9 | 87.00 | NOTE | |||
r-oldrel-windows-ix86+x86_64 | 1.0.9 | 267.00 | 158.00 | 425.00 | OK |
Version: 1.0.9
Check: C++ specification
Result: NOTE
Specified C++11: please update to current default of C++17
Flavors: r-devel-linux-x86_64-debian-clang, r-devel-linux-x86_64-debian-gcc, r-devel-linux-x86_64-fedora-clang, r-devel-linux-x86_64-fedora-gcc, r-devel-windows-x86_64
Version: 1.0.9
Check: installed package size
Result: NOTE
installed size is 5.9Mb
sub-directories of 1Mb or more:
libs 5.6Mb
Flavors: r-release-macos-arm64, r-release-macos-x86_64, r-oldrel-macos-arm64, r-oldrel-macos-x86_64