Last updated on 2023-01-28 07:14:49 CET.
Flavor | Version | Tinstall | Tcheck | Ttotal | Status | Flags |
---|---|---|---|---|---|---|
r-devel-linux-x86_64-debian-clang | 2.1.0 | 13.15 | 134.74 | 147.89 | NOTE | |
r-devel-linux-x86_64-debian-gcc | 2.1.0 | 11.22 | 97.60 | 108.82 | NOTE | |
r-devel-linux-x86_64-fedora-clang | 2.1.0 | 187.81 | NOTE | |||
r-devel-linux-x86_64-fedora-gcc | 2.1.0 | 188.46 | NOTE | |||
r-devel-windows-x86_64 | 2.1.0 | 35.00 | 168.00 | 203.00 | NOTE | |
r-patched-linux-x86_64 | 2.1.0 | 18.39 | 122.72 | 141.11 | OK | |
r-release-linux-x86_64 | 2.1.0 | 13.01 | 127.77 | 140.78 | OK | |
r-release-macos-arm64 | 2.1.0 | 50.00 | OK | |||
r-release-macos-x86_64 | 2.1.0 | 77.00 | OK | |||
r-release-windows-x86_64 | 2.1.0 | 34.00 | 165.00 | 199.00 | OK | |
r-oldrel-macos-arm64 | 2.1.0 | 47.00 | OK | |||
r-oldrel-macos-x86_64 | 2.1.0 | 71.00 | OK | |||
r-oldrel-windows-ix86+x86_64 | 2.1.0 | 25.00 | 161.00 | 186.00 | OK |
Version: 2.1.0
Check: Rd files
Result: NOTE
checkRd: (-1) bp_rats.Rd:41: Escaped LaTeX specials: \&
Flavors: r-devel-linux-x86_64-debian-clang, r-devel-linux-x86_64-debian-gcc, r-devel-linux-x86_64-fedora-clang, r-devel-linux-x86_64-fedora-gcc, r-devel-windows-x86_64