Last updated on 2023-02-03 06:50:11 CET.
Flavor | Version | Tinstall | Tcheck | Ttotal | Status | Flags |
---|---|---|---|---|---|---|
r-devel-linux-x86_64-debian-clang | 0.3.6 | 7.81 | 70.74 | 78.55 | OK | |
r-devel-linux-x86_64-debian-gcc | 0.3.6 | 6.20 | 52.85 | 59.05 | OK | |
r-devel-linux-x86_64-fedora-clang | 0.3.6 | 94.60 | NOTE | |||
r-devel-linux-x86_64-fedora-gcc | 0.3.6 | 109.34 | OK | |||
r-devel-windows-x86_64 | 0.3.6 | 45.00 | 125.00 | 170.00 | OK | |
r-patched-linux-x86_64 | 0.3.6 | 17.27 | 62.28 | 79.55 | OK | |
r-release-linux-x86_64 | 0.3.6 | 5.72 | 57.91 | 63.63 | OK | |
r-release-macos-arm64 | 0.3.6 | 32.00 | OK | |||
r-release-macos-x86_64 | 0.3.6 | 51.00 | OK | |||
r-release-windows-x86_64 | 0.3.6 | 42.00 | 111.00 | 153.00 | OK | |
r-oldrel-macos-arm64 | 0.3.6 | 35.00 | OK | |||
r-oldrel-macos-x86_64 | 0.3.6 | 44.00 | OK | |||
r-oldrel-windows-ix86+x86_64 | 0.3.6 | 17.00 | 91.00 | 108.00 | OK |
Version: 0.3.6
Check: Rd cross-references
Result: NOTE
Undeclared packages ‘data.table’, ‘readxl’, ‘openxlsx’ in Rd xrefs
Flavor: r-devel-linux-x86_64-fedora-clang