Last updated on 2023-02-06 06:51:50 CET.
Flavor | Version | Tinstall | Tcheck | Ttotal | Status | Flags |
---|---|---|---|---|---|---|
r-devel-linux-x86_64-debian-clang | 0.3.2 | 13.85 | 108.83 | 122.68 | OK | |
r-devel-linux-x86_64-debian-gcc | 0.3.2 | 9.23 | 79.61 | 88.84 | OK | |
r-devel-linux-x86_64-fedora-clang | 0.3.2 | 152.95 | NOTE | |||
r-devel-linux-x86_64-fedora-gcc | 0.3.2 | 141.62 | NOTE | |||
r-devel-windows-x86_64 | 0.3.2 | 26.00 | 136.00 | 162.00 | OK | |
r-patched-linux-x86_64 | 0.3.2 | 10.74 | 101.03 | 111.77 | OK | |
r-release-linux-x86_64 | 0.3.2 | 10.11 | 101.04 | 111.15 | OK | |
r-release-macos-arm64 | 0.3.2 | 45.00 | NOTE | |||
r-release-macos-x86_64 | 0.3.2 | 76.00 | NOTE | |||
r-release-windows-x86_64 | 0.3.2 | 32.00 | 148.00 | 180.00 | OK | |
r-oldrel-macos-arm64 | 0.3.2 | 40.00 | NOTE | |||
r-oldrel-macos-x86_64 | 0.3.2 | 58.00 | NOTE | |||
r-oldrel-windows-ix86+x86_64 | 0.3.2 | 30.00 | 132.00 | 162.00 | OK |
Version: 0.3.2
Check: dependencies in R code
Result: NOTE
Namespace in Imports field not imported from: ‘sna’
All declared Imports should be used.
Flavors: r-devel-linux-x86_64-fedora-clang, r-devel-linux-x86_64-fedora-gcc, r-release-macos-arm64, r-release-macos-x86_64, r-oldrel-macos-arm64, r-oldrel-macos-x86_64