Last updated on 2023-03-27 07:50:11 CEST.
Flavor | Version | Tinstall | Tcheck | Ttotal | Status | Flags |
---|---|---|---|---|---|---|
r-devel-linux-x86_64-debian-clang | 1.1.5 | 7.35 | 84.22 | 91.57 | OK | |
r-devel-linux-x86_64-debian-gcc | 1.1.5 | 6.96 | 66.10 | 73.06 | OK | |
r-devel-linux-x86_64-fedora-clang | 1.1.5 | 117.67 | NOTE | |||
r-devel-linux-x86_64-fedora-gcc | 1.1.5 | 127.68 | NOTE | |||
r-devel-windows-x86_64 | 1.1.5 | 33.00 | 119.00 | 152.00 | OK | |
r-patched-linux-x86_64 | 1.1.5 | 7.43 | 82.76 | 90.19 | OK | |
r-release-linux-x86_64 | 1.1.5 | 6.79 | 81.85 | 88.64 | OK | |
r-release-macos-arm64 | 1.1.5 | 34.00 | NOTE | |||
r-release-macos-x86_64 | 1.1.5 | 51.00 | NOTE | |||
r-release-windows-x86_64 | 1.1.5 | 26.00 | 124.00 | 150.00 | OK | |
r-oldrel-macos-arm64 | 1.1.5 | 41.00 | NOTE | |||
r-oldrel-macos-x86_64 | 1.1.5 | 50.00 | NOTE | |||
r-oldrel-windows-ix86+x86_64 | 1.1.5 | 19.00 | 228.00 | 247.00 | OK |
Version: 1.1.5
Check: dependencies in R code
Result: NOTE
Namespaces in Imports field not imported from:
‘HSAUR3’ ‘knitr’ ‘rmarkdown’
All declared Imports should be used.
Flavors: r-devel-linux-x86_64-fedora-clang, r-devel-linux-x86_64-fedora-gcc, r-release-macos-arm64, r-release-macos-x86_64, r-oldrel-macos-arm64, r-oldrel-macos-x86_64