CRAN Package Check Results for Package bold

Last updated on 2024-02-27 07:54:41 CET.

Flavor Version Tinstall Tcheck Ttotal Status Flags
r-devel-linux-x86_64-debian-clang 1.3.0 5.31 72.53 77.84 OK
r-devel-linux-x86_64-debian-gcc 1.3.0 4.85 54.00 58.85 OK
r-devel-linux-x86_64-fedora-clang 1.3.0 83.38 NOTE
r-devel-linux-x86_64-fedora-gcc 1.3.0 79.81 NOTE
r-devel-windows-x86_64 1.3.0 5.00 74.00 79.00 OK
r-patched-linux-x86_64 1.3.0 6.74 69.03 75.77 OK
r-release-linux-x86_64 1.3.0 5.58 70.03 75.61 OK
r-release-macos-arm64 1.3.0 29.00 NOTE
r-release-macos-x86_64 1.3.0 58.00 NOTE
r-release-windows-x86_64 1.3.0 6.00 88.00 94.00 OK
r-oldrel-macos-arm64 1.3.0 35.00 NOTE
r-oldrel-windows-x86_64 1.3.0 7.00 86.00 93.00 OK

Check Details

Version: 1.3.0
Check: package dependencies
Result: NOTE Package suggested but not available for checking: ‘sangerseqR’ Flavors: r-devel-linux-x86_64-fedora-clang, r-devel-linux-x86_64-fedora-gcc, r-release-macos-arm64, r-release-macos-x86_64, r-oldrel-macos-arm64