Last updated on 2023-02-05 07:57:15 CET.
Flavor | Version | Tinstall | Tcheck | Ttotal | Status | Flags |
---|---|---|---|---|---|---|
r-devel-linux-x86_64-debian-clang | 1.2.0 | 4.45 | 69.22 | 73.67 | OK | |
r-devel-linux-x86_64-debian-gcc | 1.2.0 | 4.82 | 48.00 | 52.82 | NOTE | |
r-devel-linux-x86_64-fedora-clang | 1.2.0 | 90.98 | OK | |||
r-devel-linux-x86_64-fedora-gcc | 1.2.0 | 83.70 | NOTE | |||
r-devel-windows-x86_64 | 1.2.0 | 19.00 | 109.00 | 128.00 | OK | |
r-patched-linux-x86_64 | 1.2.0 | 5.77 | 64.68 | 70.45 | OK | |
r-release-linux-x86_64 | 1.2.0 | 6.42 | 64.69 | 71.11 | OK | |
r-release-macos-arm64 | 1.2.0 | 29.00 | NOTE | |||
r-release-macos-x86_64 | 1.2.0 | 43.00 | NOTE | |||
r-release-windows-x86_64 | 1.2.0 | 29.00 | 118.00 | 147.00 | OK | |
r-oldrel-macos-arm64 | 1.2.0 | 37.00 | NOTE | |||
r-oldrel-macos-x86_64 | 1.2.0 | 46.00 | NOTE | |||
r-oldrel-windows-ix86+x86_64 | 1.2.0 | 12.00 | 105.00 | 117.00 | OK |
Version: 1.2.0
Check: package dependencies
Result: NOTE
Package suggested but not available for checking: ‘sangerseqR’
Flavors: r-devel-linux-x86_64-debian-gcc, r-devel-linux-x86_64-fedora-gcc, r-release-macos-arm64, r-release-macos-x86_64, r-oldrel-macos-arm64, r-oldrel-macos-x86_64