Last updated on 2023-02-07 07:53:54 CET.
Flavor | Version | Tinstall | Tcheck | Ttotal | Status | Flags |
---|---|---|---|---|---|---|
r-devel-linux-x86_64-debian-clang | 0.1.1 | 8.71 | 46.81 | 55.52 | OK | |
r-devel-linux-x86_64-debian-gcc | 0.1.1 | 7.49 | 35.74 | 43.23 | OK | |
r-devel-linux-x86_64-fedora-clang | 0.1.1 | 68.18 | NOTE | |||
r-devel-linux-x86_64-fedora-gcc | 0.1.1 | 78.05 | OK | |||
r-devel-windows-x86_64 | 0.1.1 | 34.00 | 79.00 | 113.00 | NOTE | |
r-patched-linux-x86_64 | 0.1.1 | 8.76 | 44.51 | 53.27 | OK | |
r-release-linux-x86_64 | 0.1.1 | 8.40 | 46.91 | 55.31 | OK | |
r-release-macos-arm64 | 0.1.1 | 27.00 | NOTE | |||
r-release-macos-x86_64 | 0.1.1 | 40.00 | NOTE | |||
r-release-windows-x86_64 | 0.1.1 | 25.00 | 87.00 | 112.00 | NOTE | |
r-oldrel-macos-arm64 | 0.1.1 | 33.00 | NOTE | |||
r-oldrel-macos-x86_64 | 0.1.1 | 55.00 | NOTE | |||
r-oldrel-windows-ix86+x86_64 | 0.1.1 | 16.00 | 83.00 | 99.00 | NOTE |
Version: 0.1.1
Check: installed package size
Result: NOTE
installed size is 7.2Mb
sub-directories of 1Mb or more:
data 7.0Mb
Flavors: r-devel-linux-x86_64-fedora-clang, r-devel-windows-x86_64, r-release-macos-arm64, r-release-macos-x86_64, r-release-windows-x86_64, r-oldrel-macos-arm64, r-oldrel-macos-x86_64, r-oldrel-windows-ix86+x86_64