CRAN Package Check Results for Package bnviewer

Last updated on 2023-02-03 06:50:10 CET.

Flavor Version Tinstall Tcheck Ttotal Status Flags
r-devel-linux-x86_64-debian-clang 0.1.6 4.86 47.31 52.17 NOTE
r-devel-linux-x86_64-debian-gcc 0.1.6 3.68 37.14 40.82 NOTE
r-devel-linux-x86_64-fedora-clang 0.1.6 66.05 NOTE
r-devel-linux-x86_64-fedora-gcc 0.1.6 62.12 NOTE
r-devel-windows-x86_64 0.1.6 16.00 86.00 102.00 NOTE
r-patched-linux-x86_64 0.1.6 4.30 45.60 49.90 NOTE
r-release-linux-x86_64 0.1.6 4.73 45.71 50.44 NOTE
r-release-macos-arm64 0.1.6 25.00 NOTE
r-release-macos-x86_64 0.1.6 41.00 NOTE
r-release-windows-x86_64 0.1.6 11.00 90.00 101.00 NOTE
r-oldrel-macos-arm64 0.1.6 29.00 NOTE
r-oldrel-macos-x86_64 0.1.6 38.00 NOTE
r-oldrel-windows-ix86+x86_64 0.1.6 13.00 78.00 91.00 NOTE

Check Details

Version: 0.1.6
Check: LazyData
Result: NOTE
     'LazyData' is specified without a 'data' directory
Flavors: r-devel-linux-x86_64-debian-clang, r-devel-linux-x86_64-debian-gcc, r-devel-linux-x86_64-fedora-clang, r-devel-linux-x86_64-fedora-gcc, r-devel-windows-x86_64, r-patched-linux-x86_64, r-release-linux-x86_64, r-release-macos-arm64, r-release-macos-x86_64, r-release-windows-x86_64, r-oldrel-macos-arm64, r-oldrel-macos-x86_64, r-oldrel-windows-ix86+x86_64

Version: 0.1.6
Check: dependencies in R code
Result: NOTE
    Namespaces in Imports field not imported from:
     ‘caret’ ‘e1071’
     All declared Imports should be used.
Flavors: r-devel-linux-x86_64-fedora-clang, r-devel-linux-x86_64-fedora-gcc, r-release-macos-arm64, r-release-macos-x86_64, r-oldrel-macos-arm64, r-oldrel-macos-x86_64