Last updated on 2023-01-28 07:14:49 CET.
Flavor | Version | Tinstall | Tcheck | Ttotal | Status | Flags |
---|---|---|---|---|---|---|
r-devel-linux-x86_64-debian-clang | 0.3.0 | 395.59 | 476.86 | 872.45 | NOTE | |
r-devel-linux-x86_64-debian-gcc | 0.3.0 | 323.78 | 381.76 | 705.54 | NOTE | |
r-devel-linux-x86_64-fedora-clang | 0.3.0 | 1287.06 | NOTE | |||
r-devel-linux-x86_64-fedora-gcc | 0.3.0 | 1477.05 | NOTE | |||
r-devel-windows-x86_64 | 0.3.0 | 446.00 | 589.00 | 1035.00 | NOTE | |
r-patched-linux-x86_64 | 0.3.0 | 360.35 | 488.34 | 848.69 | NOTE | |
r-release-linux-x86_64 | 0.3.0 | 358.25 | 490.84 | 849.09 | NOTE | |
r-release-macos-arm64 | 0.3.0 | 370.00 | NOTE | |||
r-release-macos-x86_64 | 0.3.0 | 521.00 | NOTE | |||
r-release-windows-x86_64 | 0.3.0 | 321.00 | 599.00 | 920.00 | NOTE | |
r-oldrel-macos-arm64 | 0.3.0 | 345.00 | NOTE | |||
r-oldrel-macos-x86_64 | 0.3.0 | 509.00 | NOTE | |||
r-oldrel-windows-ix86+x86_64 | 0.3.0 | 744.00 | 702.00 | 1446.00 | NOTE |
Version: 0.3.0
Check: package dependencies
Result: NOTE
Package suggested but not available for checking: ‘INLA’
Flavors: r-devel-linux-x86_64-debian-clang, r-devel-linux-x86_64-debian-gcc, r-devel-windows-x86_64, r-patched-linux-x86_64, r-release-linux-x86_64, r-release-macos-arm64, r-release-macos-x86_64, r-release-windows-x86_64, r-oldrel-macos-arm64, r-oldrel-macos-x86_64
Version: 0.3.0
Check: for GNU extensions in Makefiles
Result: NOTE
GNU make is a SystemRequirements.
Flavors: r-devel-linux-x86_64-debian-clang, r-devel-linux-x86_64-debian-gcc, r-devel-linux-x86_64-fedora-clang, r-devel-linux-x86_64-fedora-gcc, r-devel-windows-x86_64, r-patched-linux-x86_64, r-release-linux-x86_64, r-release-macos-arm64, r-release-macos-x86_64, r-release-windows-x86_64, r-oldrel-macos-arm64, r-oldrel-macos-x86_64, r-oldrel-windows-ix86+x86_64
Version: 0.3.0
Check: C++ specification
Result: NOTE
Specified C++14: please update to current default of C++17
Flavors: r-devel-linux-x86_64-debian-gcc, r-devel-linux-x86_64-fedora-gcc
Version: 0.3.0
Check: installed package size
Result: NOTE
installed size is 12.7Mb
sub-directories of 1Mb or more:
doc 4.6Mb
libs 5.4Mb
Flavors: r-devel-linux-x86_64-fedora-clang, r-devel-windows-x86_64, r-release-macos-arm64, r-release-macos-x86_64, r-release-windows-x86_64, r-oldrel-macos-arm64, r-oldrel-macos-x86_64, r-oldrel-windows-ix86+x86_64