Last updated on 2023-02-05 07:57:15 CET.
Flavor | Version | Tinstall | Tcheck | Ttotal | Status | Flags |
---|---|---|---|---|---|---|
r-devel-linux-x86_64-debian-clang | 0.1.0 | 700.08 | 129.49 | 829.57 | NOTE | |
r-devel-linux-x86_64-debian-gcc | 0.1.0 | 658.25 | 132.37 | 790.62 | NOTE | |
r-devel-linux-x86_64-fedora-clang | 0.1.0 | 1069.29 | NOTE | |||
r-devel-linux-x86_64-fedora-gcc | 0.1.0 | 1288.32 | NOTE | |||
r-devel-windows-x86_64 | 0.1.0 | 560.00 | 241.00 | 801.00 | NOTE | |
r-patched-linux-x86_64 | 0.1.0 | 604.38 | 159.57 | 763.95 | NOTE | |
r-release-linux-x86_64 | 0.1.0 | 581.41 | 165.14 | 746.55 | NOTE | |
r-release-macos-arm64 | 0.1.0 | 314.00 | NOTE | |||
r-release-macos-x86_64 | 0.1.0 | 559.00 | NOTE | |||
r-release-windows-x86_64 | 0.1.0 | 441.00 | 246.00 | 687.00 | NOTE | |
r-oldrel-macos-arm64 | 0.1.0 | 363.00 | NOTE | |||
r-oldrel-macos-x86_64 | 0.1.0 | 589.00 | NOTE | |||
r-oldrel-windows-ix86+x86_64 | 0.1.0 | 1592.00 | 280.00 | 1872.00 | NOTE |
Version: 0.1.0
Check: C++ specification
Result: NOTE
Specified C++14: please update to current default of C++17
Flavors: r-devel-linux-x86_64-debian-clang, r-devel-linux-x86_64-debian-gcc, r-devel-linux-x86_64-fedora-clang, r-devel-linux-x86_64-fedora-gcc, r-devel-windows-x86_64
Version: 0.1.0
Check: for GNU extensions in Makefiles
Result: NOTE
GNU make is a SystemRequirements.
Flavors: r-devel-linux-x86_64-debian-clang, r-devel-linux-x86_64-debian-gcc, r-devel-linux-x86_64-fedora-clang, r-devel-linux-x86_64-fedora-gcc, r-devel-windows-x86_64, r-patched-linux-x86_64, r-release-linux-x86_64, r-release-macos-arm64, r-release-macos-x86_64, r-release-windows-x86_64, r-oldrel-macos-arm64, r-oldrel-macos-x86_64, r-oldrel-windows-ix86+x86_64
Version: 0.1.0
Check: installed package size
Result: NOTE
installed size is 7.7Mb
sub-directories of 1Mb or more:
libs 7.1Mb
Flavors: r-devel-linux-x86_64-fedora-clang, r-devel-windows-x86_64, r-release-macos-arm64, r-release-macos-x86_64, r-release-windows-x86_64, r-oldrel-macos-arm64, r-oldrel-macos-x86_64, r-oldrel-windows-ix86+x86_64
Version: 0.1.0
Check: dependencies in R code
Result: NOTE
Namespaces in Imports field not imported from:
‘RcppParallel’ ‘rstantools’
All declared Imports should be used.
Flavors: r-devel-linux-x86_64-fedora-clang, r-devel-linux-x86_64-fedora-gcc, r-release-macos-arm64, r-release-macos-x86_64, r-oldrel-macos-x86_64