Last updated on 2023-02-06 06:51:49 CET.
Flavor | Version | Tinstall | Tcheck | Ttotal | Status | Flags |
---|---|---|---|---|---|---|
r-devel-linux-x86_64-debian-clang | 0.0.3 | 8.83 | 92.49 | 101.32 | OK | |
r-devel-linux-x86_64-debian-gcc | 0.0.3 | 6.31 | 67.29 | 73.60 | OK | |
r-devel-linux-x86_64-fedora-clang | 0.0.3 | 126.56 | NOTE | |||
r-devel-linux-x86_64-fedora-gcc | 0.0.3 | 131.89 | NOTE | |||
r-devel-windows-x86_64 | 0.0.3 | 20.00 | 134.00 | 154.00 | OK | |
r-patched-linux-x86_64 | 0.0.3 | 7.93 | 91.57 | 99.50 | OK | |
r-release-linux-x86_64 | 0.0.3 | 8.70 | 91.47 | 100.17 | OK | |
r-release-macos-arm64 | 0.0.3 | 51.00 | NOTE | |||
r-release-macos-x86_64 | 0.0.3 | 67.00 | NOTE | |||
r-release-windows-x86_64 | 0.0.3 | 22.00 | 142.00 | 164.00 | OK | |
r-oldrel-macos-arm64 | 0.0.3 | 55.00 | NOTE | |||
r-oldrel-macos-x86_64 | 0.0.3 | 74.00 | NOTE | |||
r-oldrel-windows-ix86+x86_64 | 0.0.3 | 20.00 | 133.00 | 153.00 | OK |
Version: 0.0.3
Check: data for non-ASCII characters
Result: NOTE
Note: found 7 marked UTF-8 strings
Flavors: r-devel-linux-x86_64-fedora-clang, r-devel-linux-x86_64-fedora-gcc, r-release-macos-arm64, r-release-macos-x86_64, r-oldrel-macos-arm64, r-oldrel-macos-x86_64