Last updated on 2023-11-30 07:52:29 CET.
Flavor | Version | Tinstall | Tcheck | Ttotal | Status | Flags |
---|---|---|---|---|---|---|
r-devel-linux-x86_64-debian-clang | 0.0.3 | 8.26 | 92.78 | 101.04 | NOTE | |
r-devel-linux-x86_64-debian-gcc | 0.0.3 | 6.45 | 68.80 | 75.25 | NOTE | |
r-devel-linux-x86_64-fedora-clang | 0.0.3 | 123.48 | NOTE | |||
r-devel-linux-x86_64-fedora-gcc | 0.0.3 | 134.96 | NOTE | |||
r-devel-windows-x86_64 | 0.0.3 | 8.00 | 91.00 | 99.00 | OK | |
r-patched-linux-x86_64 | 0.0.3 | 5.59 | 87.94 | 93.53 | OK | |
r-release-linux-x86_64 | 0.0.3 | 8.15 | 87.81 | 95.96 | OK | |
r-release-macos-arm64 | 0.0.3 | 59.00 | OK | |||
r-release-macos-x86_64 | 0.0.3 | 90.00 | OK | |||
r-release-windows-x86_64 | 0.0.3 | 11.00 | 108.00 | 119.00 | OK | |
r-oldrel-macos-arm64 | 0.0.3 | 51.00 | NOTE | |||
r-oldrel-macos-x86_64 | 0.0.3 | 67.00 | NOTE | |||
r-oldrel-windows-x86_64 | 0.0.3 | 12.00 | 111.00 | 123.00 | OK |
Version: 0.0.3
Check: Rd files
Result: NOTE
checkRd: (-1) bluebike.Rd:17: Lost braces
17 | \item{\code{import_month_data}}\cr {Takes in numeric year/month values and imports data from \href{https://www.bluebikes.com/system-data}{Blue Bikes System Data} for the specified time}
| ^
checkRd: (-1) bluebike.Rd:18: Lost braces; missing escapes or markup?
18 | \item{\code{station_distance}}\cr {Returns stations with distance in ascending order given the user's current location}
| ^
checkRd: (-1) bluebike.Rd:19: Lost braces; missing escapes or markup?
19 | \item{\code{station_radius}}\cr {Plots the position of the stations within walking distance (500 m), and present the basic information about the stations via leaflet}
| ^
checkRd: (-1) bluebike.Rd:20: Lost braces; missing escapes or markup?
20 | \item{\code{trip_distance}}\cr {Computes the geographical distance between the start and end stations}
| ^
checkRd: (-1) bluebike.Rd:25: Lost braces; missing escapes or markup?
25 | \item{\code{trip_history_sample}} \cr {A sample of 1000 trip data entries from February 2022}
| ^
checkRd: (-1) bluebike.Rd:26: Lost braces; missing escapes or markup?
26 | \item{\code{station_data}} \cr {A dataset that includes identification, position, and other basic information about bluebike stations}
| ^
Flavors: r-devel-linux-x86_64-debian-clang, r-devel-linux-x86_64-debian-gcc
Version: 0.0.3
Check: data for non-ASCII characters
Result: NOTE
Note: found 7 marked UTF-8 strings
Flavors: r-devel-linux-x86_64-fedora-clang, r-devel-linux-x86_64-fedora-gcc, r-oldrel-macos-arm64, r-oldrel-macos-x86_64