Last updated on 2023-01-27 07:50:28 CET.
Flavor | Version | Tinstall | Tcheck | Ttotal | Status | Flags |
---|---|---|---|---|---|---|
r-devel-linux-x86_64-debian-clang | 0.2.5 | 99.67 | 115.61 | 215.28 | OK | |
r-devel-linux-x86_64-debian-gcc | 0.2.5 | 79.47 | 87.53 | 167.00 | NOTE | |
r-devel-linux-x86_64-fedora-clang | 0.2.5 | 324.05 | OK | |||
r-devel-linux-x86_64-fedora-gcc | 0.2.5 | 281.16 | NOTE | |||
r-devel-windows-x86_64 | 0.2.5 | 100.00 | 160.00 | 260.00 | OK | |
r-patched-linux-x86_64 | 0.2.5 | 88.17 | 111.30 | 199.47 | OK | |
r-release-linux-x86_64 | 0.2.5 | 91.84 | 109.83 | 201.67 | OK | |
r-release-macos-arm64 | 0.2.5 | 74.00 | NOTE | |||
r-release-macos-x86_64 | 0.2.5 | 96.00 | NOTE | |||
r-release-windows-x86_64 | 0.2.5 | 110.00 | 175.00 | 285.00 | OK | |
r-oldrel-macos-arm64 | 0.2.5 | 68.00 | NOTE | |||
r-oldrel-macos-x86_64 | 0.2.5 | 95.00 | NOTE | |||
r-oldrel-windows-ix86+x86_64 | 0.2.5 | 243.00 | 199.00 | 442.00 | OK |
Version: 0.2.5
Check: C++ specification
Result: NOTE
Specified C++11: please update to current default of C++17
Flavors: r-devel-linux-x86_64-debian-gcc, r-devel-linux-x86_64-fedora-gcc
Version: 0.2.5
Check: installed package size
Result: NOTE
installed size is 6.7Mb
sub-directories of 1Mb or more:
libs 6.4Mb
Flavors: r-release-macos-arm64, r-release-macos-x86_64, r-oldrel-macos-arm64, r-oldrel-macos-x86_64