Last updated on 2023-01-31 07:54:05 CET.
Flavor | Version | Tinstall | Tcheck | Ttotal | Status | Flags |
---|---|---|---|---|---|---|
r-devel-linux-x86_64-debian-clang | 0.5.1 | 18.56 | 67.53 | 86.09 | OK | |
r-devel-linux-x86_64-debian-gcc | 0.5.1 | 14.06 | 47.59 | 61.65 | OK | |
r-devel-linux-x86_64-fedora-clang | 0.5.1 | 108.51 | NOTE | |||
r-devel-linux-x86_64-fedora-gcc | 0.5.1 | 124.31 | NOTE | |||
r-devel-windows-x86_64 | 0.5.1 | 33.00 | 96.00 | 129.00 | OK | |
r-patched-linux-x86_64 | 0.5.1 | 19.46 | 64.90 | 84.36 | OK | |
r-release-linux-x86_64 | 0.5.1 | 14.29 | 75.12 | 89.41 | OK | |
r-release-macos-arm64 | 0.5.1 | 48.00 | NOTE | |||
r-release-macos-x86_64 | 0.5.1 | 81.00 | NOTE | |||
r-release-windows-x86_64 | 0.5.1 | 35.00 | 121.00 | 156.00 | OK | |
r-oldrel-macos-arm64 | 0.5.1 | 54.00 | NOTE | |||
r-oldrel-macos-x86_64 | 0.5.1 | 83.00 | NOTE | |||
r-oldrel-windows-ix86+x86_64 | 0.5.1 | 33.00 | 90.00 | 123.00 | ERROR |
Version: 0.5.1
Check: dependencies in R code
Result: NOTE
Namespaces in Imports field not imported from:
‘R6’ ‘knitr’
All declared Imports should be used.
Flavors: r-devel-linux-x86_64-fedora-clang, r-devel-linux-x86_64-fedora-gcc, r-release-macos-arm64, r-release-macos-x86_64, r-oldrel-macos-arm64, r-oldrel-macos-x86_64
Version: 0.5.1
Check: examples
Result: ERROR
Running examples in 'blandr-Ex.R' failed
The error most likely occurred in:
> ### Name: blandr.dataset.fibre
> ### Title: Function to load D'arbela mean velocity of circumferential fibre
> ### shortening dataset from internet
> ### Aliases: blandr.dataset.fibre
>
> ### ** Examples
>
> blandr.dataset.fibre()
Warning in file(con, "r") :
InternetOpenUrl failed: 'Die Serververbindung konnte nicht hergestellt werden.'
Error in file(con, "r") : cannot open the connection
Calls: blandr.dataset.fibre -> readLines -> file
Execution halted
Flavor: r-oldrel-windows-ix86+x86_64