Last updated on 2023-02-03 06:50:10 CET.
Flavor | Version | Tinstall | Tcheck | Ttotal | Status | Flags |
---|---|---|---|---|---|---|
r-devel-linux-x86_64-debian-clang | 1.0.2 | 36.69 | 274.32 | 311.01 | OK | |
r-devel-linux-x86_64-debian-gcc | 1.0.2 | 25.85 | 201.10 | 226.95 | OK | |
r-devel-linux-x86_64-fedora-clang | 1.0.2 | 376.16 | OK | |||
r-devel-linux-x86_64-fedora-gcc | 1.0.2 | 389.15 | OK | |||
r-devel-windows-x86_64 | 1.0.2 | 96.00 | 331.00 | 427.00 | OK | |
r-patched-linux-x86_64 | 1.0.2 | 28.56 | 253.12 | 281.68 | OK | |
r-release-linux-x86_64 | 1.0.2 | 25.28 | 256.06 | 281.34 | OK | |
r-release-macos-arm64 | 1.0.2 | 93.00 | OK | |||
r-release-macos-x86_64 | 1.0.2 | 167.00 | OK | |||
r-release-windows-x86_64 | 1.0.2 | 49.00 | 17.00 | 66.00 | ERROR | |
r-oldrel-macos-arm64 | 1.0.2 | 72.00 | OK | |||
r-oldrel-macos-x86_64 | 1.0.2 | 123.00 | OK | |||
r-oldrel-windows-ix86+x86_64 | 1.0.2 | 64.00 | 287.00 | 351.00 | OK |
Version: 1.0.2
Check: whether package can be installed
Result: ERROR
Installation failed.
Flavor: r-release-windows-x86_64