Last updated on 2023-01-29 07:55:57 CET.
Flavor | Version | Tinstall | Tcheck | Ttotal | Status | Flags |
---|---|---|---|---|---|---|
r-devel-linux-x86_64-debian-clang | 0.2.1 | 72.11 | 65.37 | 137.48 | OK | |
r-devel-linux-x86_64-debian-gcc | 0.2.1 | 61.56 | 49.65 | 111.21 | NOTE | |
r-devel-linux-x86_64-fedora-clang | 0.2.1 | 206.95 | OK | |||
r-devel-linux-x86_64-fedora-gcc | 0.2.1 | 181.50 | NOTE | |||
r-devel-windows-x86_64 | 0.2.1 | 119.00 | 122.00 | 241.00 | NOTE | |
r-patched-linux-x86_64 | 0.2.1 | 60.94 | 63.16 | 124.10 | OK | |
r-release-linux-x86_64 | 0.2.1 | 63.50 | 63.34 | 126.84 | OK | |
r-release-macos-arm64 | 0.2.1 | 54.00 | NOTE | |||
r-release-macos-x86_64 | 0.2.1 | 86.00 | NOTE | |||
r-release-windows-x86_64 | 0.2.1 | 126.00 | 123.00 | 249.00 | OK | |
r-oldrel-macos-arm64 | 0.2.1 | 55.00 | NOTE | |||
r-oldrel-macos-x86_64 | 0.2.1 | 74.00 | NOTE | |||
r-oldrel-windows-ix86+x86_64 | 0.2.1 | 181.00 | 136.00 | 317.00 | OK |
Version: 0.2.1
Check: C++ specification
Result: NOTE
Specified C++11: please update to current default of C++17
Flavors: r-devel-linux-x86_64-debian-gcc, r-devel-linux-x86_64-fedora-gcc, r-devel-windows-x86_64
Version: 0.2.1
Check: installed package size
Result: NOTE
installed size is 6.6Mb
sub-directories of 1Mb or more:
help 1.5Mb
libs 4.8Mb
Flavors: r-release-macos-arm64, r-release-macos-x86_64, r-oldrel-macos-arm64, r-oldrel-macos-x86_64