Last updated on 2023-05-30 08:02:13 CEST.
Flavor | Version | Tinstall | Tcheck | Ttotal | Status | Flags |
---|---|---|---|---|---|---|
r-devel-linux-x86_64-debian-clang | 1.5.12 | 219.94 | 241.40 | 461.34 | NOTE | |
r-devel-linux-x86_64-debian-gcc | 1.5.12 | 173.48 | 182.26 | 355.74 | NOTE | |
r-devel-linux-x86_64-fedora-clang | 1.5.12 | 654.49 | NOTE | |||
r-devel-linux-x86_64-fedora-gcc | 1.5.12 | 636.99 | NOTE | |||
r-devel-windows-x86_64 | 1.5.12 | 207.00 | 238.00 | 445.00 | NOTE | |
r-patched-linux-x86_64 | 1.5.12 | 188.66 | 226.34 | 415.00 | NOTE | |
r-release-linux-x86_64 | 1.5.12 | 181.83 | 227.28 | 409.11 | NOTE | |
r-release-macos-arm64 | 1.5.12 | 162.00 | NOTE | |||
r-release-macos-x86_64 | 1.5.12 | 319.00 | NOTE | |||
r-release-windows-x86_64 | 1.5.12 | 275.00 | 309.00 | 584.00 | NOTE | |
r-oldrel-macos-arm64 | 1.5.12 | 165.00 | NOTE | |||
r-oldrel-macos-x86_64 | 1.5.12 | 202.00 | NOTE | |||
r-oldrel-windows-x86_64 | 1.5.12 | 264.00 | 283.00 | 547.00 | OK |
Version: 1.5.12
Check: C++ specification
Result: NOTE
Specified C++11: please drop specification unless essential
Flavors: r-devel-linux-x86_64-debian-clang, r-devel-linux-x86_64-debian-gcc, r-devel-linux-x86_64-fedora-clang, r-devel-linux-x86_64-fedora-gcc, r-devel-windows-x86_64, r-patched-linux-x86_64, r-release-linux-x86_64, r-release-macos-arm64, r-release-macos-x86_64, r-release-windows-x86_64
Version: 1.5.12
Check: dependencies in R code
Result: NOTE
Namespace in Imports field not imported from: ‘rmio’
All declared Imports should be used.
Flavors: r-devel-linux-x86_64-fedora-clang, r-devel-linux-x86_64-fedora-gcc, r-oldrel-macos-arm64, r-oldrel-macos-x86_64
Version: 1.5.12
Check: installed package size
Result: NOTE
installed size is 12.0Mb
sub-directories of 1Mb or more:
extdata 2.3Mb
libs 9.0Mb
Flavors: r-release-macos-arm64, r-release-macos-x86_64, r-oldrel-macos-arm64, r-oldrel-macos-x86_64