Last updated on 2023-03-31 07:53:20 CEST.
Flavor | Version | Tinstall | Tcheck | Ttotal | Status | Flags |
---|---|---|---|---|---|---|
r-devel-linux-x86_64-debian-clang | 0.6.4 | 4.67 | 54.99 | 59.66 | NOTE | |
r-devel-linux-x86_64-debian-gcc | 0.6.4 | 4.33 | 41.97 | 46.30 | NOTE | |
r-devel-linux-x86_64-fedora-clang | 0.6.4 | 74.62 | NOTE | |||
r-devel-linux-x86_64-fedora-gcc | 0.6.4 | 72.65 | NOTE | |||
r-devel-windows-x86_64 | 0.6.4 | 17.00 | 0.00 | 17.00 | NOTE | |
r-patched-linux-x86_64 | 0.6.4 | 5.05 | 52.44 | 57.49 | NOTE | |
r-release-linux-x86_64 | 0.6.4 | 5.20 | 53.99 | 59.19 | NOTE | |
r-release-macos-arm64 | 0.6.4 | 27.00 | NOTE | |||
r-release-macos-x86_64 | 0.6.4 | 38.00 | NOTE | |||
r-release-windows-x86_64 | 0.6.4 | 13.00 | 97.00 | 110.00 | NOTE | |
r-oldrel-macos-arm64 | 0.6.4 | 30.00 | NOTE | |||
r-oldrel-macos-x86_64 | 0.6.4 | 39.00 | NOTE | |||
r-oldrel-windows-ix86+x86_64 | 0.6.4 | 12.00 | 80.00 | 92.00 | NOTE |
Version: 0.6.4
Check: package dependencies
Result: NOTE
Package suggested but not available for checking: ‘rrelaxiv’
Flavors: r-devel-linux-x86_64-debian-clang, r-devel-linux-x86_64-debian-gcc, r-devel-linux-x86_64-fedora-clang, r-devel-linux-x86_64-fedora-gcc, r-devel-windows-x86_64, r-patched-linux-x86_64, r-release-linux-x86_64, r-release-macos-arm64, r-release-macos-x86_64, r-release-windows-x86_64, r-oldrel-macos-arm64, r-oldrel-macos-x86_64, r-oldrel-windows-ix86+x86_64