Last updated on 2023-02-06 06:51:49 CET.
Flavor | Version | Tinstall | Tcheck | Ttotal | Status | Flags |
---|---|---|---|---|---|---|
r-devel-linux-x86_64-debian-clang | 0.2.3 | 11.08 | 165.40 | 176.48 | OK | |
r-devel-linux-x86_64-debian-gcc | 0.2.3 | 7.22 | 119.69 | 126.91 | OK | |
r-devel-linux-x86_64-fedora-clang | 0.2.3 | 214.48 | NOTE | |||
r-devel-linux-x86_64-fedora-gcc | 0.2.3 | 220.02 | NOTE | |||
r-devel-windows-x86_64 | 0.2.3 | 44.00 | 201.00 | 245.00 | OK | |
r-patched-linux-x86_64 | 0.2.3 | 8.62 | 152.70 | 161.32 | OK | |
r-release-linux-x86_64 | 0.2.3 | 8.04 | 154.67 | 162.71 | OK | |
r-release-macos-arm64 | 0.2.3 | 60.00 | NOTE | |||
r-release-macos-x86_64 | 0.2.3 | 114.00 | NOTE | |||
r-release-windows-x86_64 | 0.2.3 | 58.00 | 217.00 | 275.00 | OK | |
r-oldrel-macos-arm64 | 0.2.3 | 84.00 | NOTE | |||
r-oldrel-macos-x86_64 | 0.2.3 | 78.00 | NOTE | |||
r-oldrel-windows-ix86+x86_64 | 0.2.3 | 22.00 | 222.00 | 244.00 | OK |
Version: 0.2.3
Check: dependencies in R code
Result: NOTE
Namespace in Imports field not imported from: ‘nycflights13’
All declared Imports should be used.
Flavors: r-devel-linux-x86_64-fedora-clang, r-devel-linux-x86_64-fedora-gcc, r-release-macos-arm64, r-release-macos-x86_64, r-oldrel-macos-arm64, r-oldrel-macos-x86_64