CRAN Package Check Results for Package berryFunctions

Last updated on 2022-11-28 05:52:18 CET.

Flavor Version Tinstall Tcheck Ttotal Status Flags
r-devel-linux-x86_64-debian-clang 1.21.14 11.50 116.63 128.13 OK
r-devel-linux-x86_64-debian-gcc 1.21.14 8.24 87.29 95.53 OK
r-devel-linux-x86_64-fedora-clang 1.21.14 174.61 NOTE
r-devel-linux-x86_64-fedora-gcc 1.21.14 172.44 OK
r-devel-windows-x86_64 1.21.14 160.00 179.00 339.00 OK
r-patched-linux-x86_64 1.21.14 13.33 101.97 115.30 OK
r-release-linux-x86_64 1.21.14 10.06 102.11 112.17 OK
r-release-macos-arm64 1.21.14 66.00 OK
r-release-macos-x86_64 1.21.14 91.00 OK
r-release-windows-x86_64 1.21.14 119.00 160.00 279.00 OK
r-oldrel-macos-arm64 1.21.14 60.00 OK
r-oldrel-macos-x86_64 1.21.14 92.00 OK
r-oldrel-windows-ix86+x86_64 1.21.14 20.00 147.00 167.00 OK

Check Details

Version: 1.21.14
Check: Rd cross-references
Result: NOTE
    Undeclared package ‘zoo’ in Rd xrefs
Flavor: r-devel-linux-x86_64-fedora-clang