Last updated on 2023-05-31 07:57:25 CEST.
Flavor | Version | Tinstall | Tcheck | Ttotal | Status | Flags |
---|---|---|---|---|---|---|
r-devel-linux-x86_64-debian-clang | 0.0.1 | 254.05 | 109.59 | 363.64 | NOTE | |
r-devel-linux-x86_64-debian-gcc | 0.0.1 | 228.88 | 97.85 | 326.73 | NOTE | |
r-devel-linux-x86_64-fedora-clang | 0.0.1 | 437.26 | NOTE | |||
r-devel-linux-x86_64-fedora-gcc | 0.0.1 | 571.95 | NOTE | |||
r-devel-windows-x86_64 | 0.0.1 | 185.00 | 143.00 | 328.00 | NOTE | |
r-patched-linux-x86_64 | 0.0.1 | 174.63 | 122.48 | 297.11 | NOTE | |
r-release-linux-x86_64 | 0.0.1 | 177.72 | 123.41 | 301.13 | NOTE | |
r-release-macos-arm64 | 0.0.1 | 141.00 | NOTE | |||
r-release-macos-x86_64 | 0.0.1 | 219.00 | NOTE | |||
r-release-windows-x86_64 | 0.0.1 | 257.00 | 170.00 | 427.00 | NOTE | |
r-oldrel-macos-arm64 | 0.0.1 | 130.00 | NOTE | |||
r-oldrel-macos-x86_64 | 0.0.1 | 230.00 | NOTE | |||
r-oldrel-windows-x86_64 | 0.0.1 | 230.00 | 161.00 | 391.00 | NOTE |
Version: 0.0.1
Check: for GNU extensions in Makefiles
Result: NOTE
GNU make is a SystemRequirements.
Flavors: r-devel-linux-x86_64-debian-clang, r-devel-linux-x86_64-debian-gcc, r-devel-linux-x86_64-fedora-clang, r-devel-linux-x86_64-fedora-gcc, r-devel-windows-x86_64, r-patched-linux-x86_64, r-release-linux-x86_64, r-release-macos-arm64, r-release-macos-x86_64, r-release-windows-x86_64, r-oldrel-macos-arm64, r-oldrel-macos-x86_64, r-oldrel-windows-x86_64
Version: 0.0.1
Check: dependencies in R code
Result: NOTE
Namespace in Imports field not imported from: ‘rstantools’
All declared Imports should be used.
Flavors: r-devel-linux-x86_64-fedora-clang, r-devel-linux-x86_64-fedora-gcc, r-oldrel-macos-arm64, r-oldrel-macos-x86_64
Version: 0.0.1
Check: installed package size
Result: NOTE
installed size is 43.6Mb
sub-directories of 1Mb or more:
libs 43.3Mb
Flavors: r-release-macos-arm64, r-release-macos-x86_64, r-oldrel-macos-arm64, r-oldrel-macos-x86_64