CRAN Package Check Results for Package behavr

Last updated on 2024-07-14 06:54:18 CEST.

Flavor Version Tinstall Tcheck Ttotal Status Flags
r-devel-linux-x86_64-debian-clang 0.3.2 3.08 43.36 46.44 NOTE
r-devel-linux-x86_64-debian-gcc 0.3.2 2.56 38.04 40.60 NOTE
r-devel-linux-x86_64-fedora-clang 0.3.2 66.87 NOTE
r-devel-linux-x86_64-fedora-gcc 0.3.2 61.30 NOTE
r-devel-windows-x86_64 0.3.2 4.00 58.00 62.00 NOTE
r-patched-linux-x86_64 0.3.2 3.29 48.67 51.96 NOTE
r-release-linux-x86_64 0.3.2 2.95 47.13 50.08 NOTE
r-release-macos-arm64 0.3.2 22.00 NOTE
r-release-macos-x86_64 0.3.2 56.00 NOTE
r-release-windows-x86_64 0.3.2 4.00 56.00 60.00 NOTE
r-oldrel-macos-arm64 0.3.2 23.00 NOTE
r-oldrel-macos-x86_64 0.3.2 33.00 NOTE
r-oldrel-windows-x86_64 0.3.2 4.00 61.00 65.00 NOTE

Check Details

Version: 0.3.2
Check: LazyData
Result: NOTE 'LazyData' is specified without a 'data' directory Flavors: r-devel-linux-x86_64-debian-clang, r-devel-linux-x86_64-debian-gcc, r-devel-linux-x86_64-fedora-clang, r-devel-linux-x86_64-fedora-gcc, r-devel-windows-x86_64, r-patched-linux-x86_64, r-release-linux-x86_64, r-release-macos-arm64, r-release-macos-x86_64, r-release-windows-x86_64, r-oldrel-macos-arm64, r-oldrel-macos-x86_64, r-oldrel-windows-x86_64

Version: 0.3.2
Check: Rd cross-references
Result: NOTE Found the following Rd file(s) with Rd \link{} targets missing package anchors: behavr.Rd: data.table bin_apply.Rd: data.table meta.Rd: data.table rejoin.Rd: data.table Please provide package anchors for all Rd \link{} targets not in the package itself and the base packages. Flavor: r-devel-windows-x86_64