Last updated on 2023-01-31 07:54:05 CET.
Flavor | Version | Tinstall | Tcheck | Ttotal | Status | Flags |
---|---|---|---|---|---|---|
r-devel-linux-x86_64-debian-clang | 1.0.6 | 7.49 | 72.17 | 79.66 | OK | |
r-devel-linux-x86_64-debian-gcc | 1.0.6 | 6.92 | 49.74 | 56.66 | OK | |
r-devel-linux-x86_64-fedora-clang | 1.0.6 | 99.35 | NOTE | |||
r-devel-linux-x86_64-fedora-gcc | 1.0.6 | 96.38 | NOTE | |||
r-devel-windows-x86_64 | 1.0.6 | 19.00 | 90.00 | 109.00 | OK | |
r-patched-linux-x86_64 | 1.0.6 | 6.80 | 71.60 | 78.40 | OK | |
r-release-linux-x86_64 | 1.0.6 | 7.73 | 68.78 | 76.51 | OK | |
r-release-macos-arm64 | 1.0.6 | 30.00 | NOTE | |||
r-release-macos-x86_64 | 1.0.6 | 58.00 | NOTE | |||
r-release-windows-x86_64 | 1.0.6 | 22.00 | 107.00 | 129.00 | OK | |
r-oldrel-macos-arm64 | 1.0.6 | 34.00 | NOTE | |||
r-oldrel-macos-x86_64 | 1.0.6 | 57.00 | NOTE | |||
r-oldrel-windows-ix86+x86_64 | 1.0.6 | 22.00 | 102.00 | 124.00 | OK |
Version: 1.0.6
Check: package dependencies
Result: NOTE
Imports includes 22 non-default packages.
Importing from so many packages makes the package vulnerable to any of
them becoming unavailable. Move as many as possible to Suggests and
use conditionally.
Flavor: r-devel-linux-x86_64-fedora-clang
Version: 1.0.6
Check: dependencies in R code
Result: NOTE
Namespaces in Imports field not imported from:
‘Rcpp’ ‘chron’ ‘colorspace’ ‘gtable’ ‘htmltools’ ‘htmlwidgets’
‘httpuv’ ‘magrittr’ ‘munsell’ ‘plyr’ ‘scales’ ‘stringi’ ‘xtable’
‘yaml’
All declared Imports should be used.
Flavors: r-devel-linux-x86_64-fedora-clang, r-devel-linux-x86_64-fedora-gcc, r-release-macos-arm64, r-release-macos-x86_64, r-oldrel-macos-arm64, r-oldrel-macos-x86_64